{"id":1911,"date":"2026-02-24T19:10:16","date_gmt":"2026-02-24T19:10:16","guid":{"rendered":"https:\/\/rm-wein.ch\/?page_id=1911"},"modified":"2026-04-14T19:32:20","modified_gmt":"2026-04-14T19:32:20","slug":"argentinien-2026","status":"publish","type":"page","link":"https:\/\/rm-wein.ch\/?page_id=1911","title":{"rendered":"Argentinien 2026"},"content":{"rendered":"\n<p>Programm<\/p>\n\n\n\n<p>26.12.2026: Flug Sao Paulo nach Mendoza<\/p>\n\n\n\n<p>Die meisten der genannten Weing\u00fcter liegen in der Weinregion <strong>Mendoza<\/strong> in Argentinien. Innerhalb der Provinz verteilen sie sich vor allem auf drei Zonen: <strong>Valle de Uco<\/strong>, <strong>Luj\u00e1n de Cuyo<\/strong> und <strong>Maip\u00fa<\/strong>.<\/p>\n\n\n\n<figure class=\"wp-block-image size-full\"><img loading=\"lazy\" decoding=\"async\" width=\"728\" height=\"414\" src=\"https:\/\/rm-wein.ch\/wp-content\/uploads\/2026\/02\/image-8.png\" alt=\"\" class=\"wp-image-1921\" srcset=\"https:\/\/rm-wein.ch\/wp-content\/uploads\/2026\/02\/image-8.png 728w, https:\/\/rm-wein.ch\/wp-content\/uploads\/2026\/02\/image-8-300x171.png 300w\" sizes=\"auto, (max-width: 728px) 100vw, 728px\" \/><\/figure>\n\n\n\n<h2 class=\"wp-block-heading\"><strong>Start im Valle de Uco<\/strong><\/h2>\n\n\n\n<p>26. &#8211; 29. Dezember <\/p>\n\n\n\n<p>Valle de Uco (h\u00f6her gelegen, 1.000\u20131.500 m, sehr pr\u00e4zise &amp; elegante Weine)<\/p>\n\n\n\n<p><strong>Charakter:<\/strong> k\u00fchleres Klima, kalkhaltige B\u00f6den, sehr strukturierte Malbecs und Cabernets.<\/p>\n\n\n\n<p>&#x1f449; Architektonisch und landschaftlich die spektakul\u00e4rste Zone.<\/p>\n\n\n\n<h2 class=\"wp-block-heading\">Casa Petrini<\/h2>\n\n\n\n<div class=\"wp-block-columns is-layout-flex wp-container-core-columns-is-layout-9d6595d7 wp-block-columns-is-layout-flex\">\n<div class=\"wp-block-column is-layout-flow wp-block-column-is-layout-flow\">\n<figure class=\"wp-block-image size-full is-resized\"><img loading=\"lazy\" decoding=\"async\" width=\"299\" height=\"168\" src=\"https:\/\/rm-wein.ch\/wp-content\/uploads\/2026\/03\/casap_1.jpg\" alt=\"\" class=\"wp-image-1988\" style=\"width:543px;height:auto\"\/><\/figure>\n<\/div>\n\n\n\n<div class=\"wp-block-column is-layout-flow wp-block-column-is-layout-flow\">\n<figure class=\"wp-block-image size-full is-resized\"><img loading=\"lazy\" decoding=\"async\" width=\"300\" height=\"168\" src=\"https:\/\/rm-wein.ch\/wp-content\/uploads\/2026\/03\/casap_2.jpg\" alt=\"\" class=\"wp-image-1990\" style=\"width:543px;height:auto\"\/><\/figure>\n<\/div>\n<\/div>\n\n\n\n<div class=\"wp-block-columns is-layout-flex wp-container-core-columns-is-layout-9d6595d7 wp-block-columns-is-layout-flex\">\n<div class=\"wp-block-column is-layout-flow wp-block-column-is-layout-flow\">\n<figure class=\"wp-block-image size-full is-resized\"><img loading=\"lazy\" decoding=\"async\" width=\"221\" height=\"228\" src=\"https:\/\/rm-wein.ch\/wp-content\/uploads\/2026\/03\/casap_3.jpg\" alt=\"\" class=\"wp-image-1991\" style=\"width:512px;height:auto\"\/><\/figure>\n<\/div>\n\n\n\n<div class=\"wp-block-column is-layout-flow wp-block-column-is-layout-flow\">\n<figure class=\"wp-block-image size-full is-resized\"><img loading=\"lazy\" decoding=\"async\" width=\"271\" height=\"186\" src=\"https:\/\/rm-wein.ch\/wp-content\/uploads\/2026\/03\/casap_4.jpg\" alt=\"\" class=\"wp-image-1992\" style=\"width:543px;height:auto\"\/><\/figure>\n<\/div>\n<\/div>\n\n\n\n<p><a href=\"https:\/\/casapetrini.com\/\">Casa Petrini vom 26. &#8211; 29.12.2026<\/a><\/p>\n\n\n\n<p>Weine vom Casa Petrini<\/p>\n\n\n\n<figure class=\"wp-block-embed is-type-wp-embed is-provider-casa-petrini wp-block-embed-casa-petrini\"><div class=\"wp-block-embed__wrapper\">\n<blockquote class=\"wp-embedded-content\" data-secret=\"6NERzCzmen\"><a href=\"https:\/\/casapetrini.com\/vinos\/\">Vinos<\/a><\/blockquote><iframe loading=\"lazy\" class=\"wp-embedded-content\" sandbox=\"allow-scripts\" security=\"restricted\" style=\"position: absolute; visibility: hidden;\" title=\"\u00abVinos\u00bb \u2014 Casa Petrini\" src=\"https:\/\/casapetrini.com\/vinos\/embed\/#?secret=OMALhp0bCI#?secret=6NERzCzmen\" data-secret=\"6NERzCzmen\" width=\"600\" height=\"338\" frameborder=\"0\" marginwidth=\"0\" marginheight=\"0\" scrolling=\"no\"><\/iframe>\n<\/div><\/figure>\n\n\n\n<p><\/p>\n\n\n\n<h2 class=\"wp-block-heading\">Am 26. Dez. Degustation und Essen im Casa Petrini<\/h2>\n\n\n\n<p>Ankunft \/ Relax<\/p>\n\n\n\n<p>Tasting im <strong>Casa Petrini<\/strong><\/p>\n\n\n\n<p><\/p>\n\n\n\n<h2 class=\"wp-block-heading\">27. Dezember<\/h2>\n\n\n\n<p><strong>SuperUco<\/strong><\/p>\n\n\n\n<p><a href=\"https:\/\/superuco.com\/hospitalidad\">https:\/\/superuco.com\/hospitalidad<\/a><\/p>\n\n\n\n<p><strong>Zuccardi<\/strong><\/p>\n\n\n\n<p>11 Uhr Degustation  &#8211; gebucht<\/p>\n\n\n\n<p>12:30: Mittagessen &#8211; gebucht<\/p>\n\n\n\n<figure class=\"wp-block-embed is-type-wp-embed is-provider-zuccardi-valle-de-uco wp-block-embed-zuccardi-valle-de-uco\"><div class=\"wp-block-embed__wrapper\">\n<blockquote class=\"wp-embedded-content\" data-secret=\"YroM85f5GA\"><a href=\"https:\/\/zuccardiwines.com\/en\/turismo\/\">Tourism<\/a><\/blockquote><iframe loading=\"lazy\" class=\"wp-embedded-content\" sandbox=\"allow-scripts\" security=\"restricted\" style=\"position: absolute; visibility: hidden;\" title=\"&#8220;Turismo&#8221; &#8212; Zuccardi Valle de Uco\" src=\"https:\/\/zuccardiwines.com\/en\/turismo\/embed\/#?secret=BOpo5BYlt1#?secret=YroM85f5GA\" data-secret=\"YroM85f5GA\" width=\"600\" height=\"338\" frameborder=\"0\" marginwidth=\"0\" marginheight=\"0\" scrolling=\"no\"><\/iframe>\n<\/div><\/figure>\n\n\n\n<h2 class=\"wp-block-heading\">28. Dezember<\/h2>\n\n\n\n<p>Vormittag: <strong>Alfa Crux<\/strong><\/p>\n\n\n\n<p><a href=\"https:\/\/www.agostinowinegroup.com\/home-english\">https:\/\/www.agostinowinegroup.com\/home-english<\/a><\/p>\n\n\n\n<p>Lunch: <strong>Andeluna<\/strong><\/p>\n\n\n\n<p><\/p>\n\n\n\n<p><\/p>\n\n\n\n<p><\/p>\n\n\n\n<p><strong>Von Carla empfohlen im Uco Vallyes:<\/strong><\/p>\n\n\n\n<ul class=\"wp-block-list\">\n<li><strong>Zuccardi<\/strong> \u2013 Paraje Altamira (San Carlos, Valle de Uco) (Carla: melhor costela da vida)<\/li>\n\n\n\n<li><strong>SuperUco<\/strong> \u2013 Los Chacayes (Valle de Uco)<\/li>\n\n\n\n<li><strong>Alfa Crux<\/strong> \u2013 Vista Flores (Valle de Uco)<\/li>\n\n\n\n<li><strong>Mendel<\/strong> \u2013 Hauptsitz in Luj\u00e1n de Cuyo, besitzt aber wichtige Weinberge im Valle de UcoZu besuchenden <\/li>\n<\/ul>\n\n\n\n<p><\/p>\n\n\n\n<p><strong>Charakter:<\/strong> k\u00fchleres Klima, kalkhaltige B\u00f6den, sehr strukturierte Malbecs und Cabernets.<\/p>\n\n\n\n<p>&#x1f449; Architektonisch und landschaftlich die spektakul\u00e4rste Zone.<\/p>\n\n\n\n<p>Ganztagestour Valle de Uco<\/p>\n\n\n\n<ul class=\"wp-block-list\">\n<li><\/li>\n<\/ul>\n\n\n\n<p><\/p>\n\n\n\n<h2 class=\"wp-block-heading\">Mendoza<\/h2>\n\n\n\n<p>29. Dezember bis 2. Januar 2026<\/p>\n\n\n\n<p><a href=\"https:\/\/www.hyatt.com\/park-hyatt\/en-US\/menph-park-hyatt-mendoza-hotel-casino-and-spa?src=agn_koddi_crp_chico_ppc_22371740339_Conversion_Park_Google_Search_English_MENPH_Mendoza_Paid_Brand_CrossDevice_1x1_google_Koddi-TopUp-Evergreen-Brand_e_park%20hyatt%20mendoza&amp;gad_source=1&amp;gad_campaignid=22371740339&amp;gclid=Cj0KCQjwsdnNBhC4ARIsAA_3heirzkmWWA8kExk15utQT7ASDPKZgsCmDIX2JPofN-2O-PszjysjuL0aAhgQEALw_wcB\">https:\/\/www.hyatt.com\/park-hyatt\/en-US\/menph-park-hyatt-mendoza-hotel-casino-and-spa?src=agn_koddi_crp_chico_ppc_22371740339_Conversion_Park_Google_Search_English_MENPH_Mendoza_Paid_Brand_CrossDevice_1x1_google_Koddi-TopUp-Evergreen-Brand_e_park%20hyatt%20mendoza&amp;gad_source=1&amp;gad_campaignid=22371740339&amp;gclid=Cj0KCQjwsdnNBhC4ARIsAA_3heirzkmWWA8kExk15utQT7ASDPKZgsCmDIX2JPofN-2O-PszjysjuL0aAhgQEALw_wcB<\/a><\/p>\n\n\n\n<p><\/p>\n\n\n\n<hr class=\"wp-block-separator has-alpha-channel-opacity\"\/>\n\n\n\n<h2 class=\"wp-block-heading\">&#x1f4cd; Luj\u00e1n de Cuyo (klassische Premium-Region nahe Mendoza-Stadt)<\/h2>\n\n\n\n<figure class=\"wp-block-image is-resized\"><img decoding=\"async\" src=\"https:\/\/images.ctfassets.net\/iv9w9q8xwqpv\/4GU96QRU0Jgh1n97jB2Xtt\/0e58d61b8ce7e0cfd8fb6c0e780478b8\/Cheval-des-Andes-horses.jpg\" alt=\"https:\/\/images.ctfassets.net\/iv9w9q8xwqpv\/4GU96QRU0Jgh1n97jB2Xtt\/0e58d61b8ce7e0cfd8fb6c0e780478b8\/Cheval-des-Andes-horses.jpg\" style=\"aspect-ratio:1.7794548433543518;width:505px;height:auto\"\/><\/figure>\n\n\n\n<p>Luj\u00e1n de Cuyo<\/p>\n\n\n\n<p><strong>Wird von Mendoza (Hyatt) angefahren:<\/strong><\/p>\n\n\n\n<p><strong>Von Carla empfohlen im Lujan de Cuyo:<\/strong><\/p>\n\n\n\n<ul class=\"wp-block-list\">\n<li><strong>Bressia<\/strong> \u2013 Agrelo (Boutique, kleinere Produktion)<\/li>\n\n\n\n<li><strong>Vi\u00f1a Cobos<\/strong> \u2013 Perdriel, Luj\u00e1n de Cuyo<\/li>\n\n\n\n<li><strong>Achaval Ferrer<\/strong> \u2013 Perdriel, Luj\u00e1n de Cuyo<\/li>\n\n\n\n<li><strong>Cheval des Andes<\/strong> \u2013 Las Compuertas, Luj\u00e1n de Cuyo<\/li>\n\n\n\n<li><strong>Pulenta Estate<\/strong> \u2013 Agrelo, Luj\u00e1n de Cuyo<\/li>\n\n\n\n<li><strong>Susana Balbo<\/strong> \u2013 Agrelo, Luj\u00e1n de Cuyo<\/li>\n<\/ul>\n\n\n\n<p><strong>Charakter:<\/strong> w\u00e4rmer als Uco, kraftvolle, klassische Malbec-Stilistik.<\/p>\n\n\n\n<p>&#x1f449; Sehr gut kombinierbar an 1\u20132 Tagen, kurze Fahrzeiten.<\/p>\n\n\n\n<hr class=\"wp-block-separator has-alpha-channel-opacity\"\/>\n\n\n\n<h2 class=\"wp-block-heading\">&#x1f4cd; Maip\u00fa (historische Region, n\u00e4her an der Stadt)<\/h2>\n\n\n\n<figure class=\"wp-block-image is-resized\"><img decoding=\"async\" src=\"https:\/\/cdn.getyourguide.com\/image\/format%3Dauto%2Cfit%3Dcrop%2Cgravity%3Dcenter%2Cquality%3D60%2Cwidth%3D400%2Cheight%3D265%2Cdpr%3D2\/tour_img\/6f4032d6e42a50a34c77cc4c4d0cf47840fe13743e7c4a53d3491fb4072ea6cc.jpg\" alt=\"https:\/\/cdn.getyourguide.com\/image\/format%3Dauto%2Cfit%3Dcrop%2Cgravity%3Dcenter%2Cquality%3D60%2Cwidth%3D400%2Cheight%3D265%2Cdpr%3D2\/tour_img\/6f4032d6e42a50a34c77cc4c4d0cf47840fe13743e7c4a53d3491fb4072ea6cc.jpg\" style=\"width:373px;height:auto\"\/><\/figure>\n\n\n\n<p><strong>Charakter:<\/strong> traditionelle Zone mit viel Geschichte.<\/p>\n\n\n\n<p>Ebenfalls von Mendoza (Hyatt) anzufahren.<\/p>\n\n\n\n<ul class=\"wp-block-list\">\n<li><strong>El Enemigo (Casa Vigil)<\/strong> \u2013 Maip\u00fa<br>\u2192 bekannt f\u00fcr das Restaurant mit Degustationsmen\u00fc &amp; Harmonisierung (sehr empfehlenswert f\u00fcr Mittagessen)<\/li>\n<\/ul>\n\n\n\n<hr class=\"wp-block-separator has-alpha-channel-opacity\"\/>\n\n\n\n<h1 class=\"wp-block-heading\">\u00dcbersicht nach N\u00e4he zur Stadt Mendoza<\/h1>\n\n\n\n<p><strong>30\u201340 Minuten von Mendoza Stadt:<\/strong><\/p>\n\n\n\n<ul class=\"wp-block-list\">\n<li>Achaval Ferrer<\/li>\n\n\n\n<li>Cobos<\/li>\n\n\n\n<li>Pulenta<\/li>\n\n\n\n<li>Susana Balbo<\/li>\n\n\n\n<li>Cheval des Andes<\/li>\n\n\n\n<li>El Enemigo<\/li>\n<\/ul>\n\n\n\n<p><strong>1\u20131,5 Stunden s\u00fcdlich (Valle de Uco):<\/strong><\/p>\n\n\n\n<ul class=\"wp-block-list\">\n<li>Zuccardi<\/li>\n\n\n\n<li>SuperUco<\/li>\n\n\n\n<li>Alfa Crux<\/li>\n<\/ul>\n\n\n\n<p>Centro da cidade:<\/p>\n\n\n\n<ul class=\"wp-block-list\">\n<li>Hyatt<\/li>\n<\/ul>\n\n\n\n<p>Ausserhalb:<\/p>\n\n\n\n<h3 class=\"wp-block-heading\"><strong>Tag 1 \u2013 Ankunft in Mendoza<\/strong><\/h3>\n\n\n\n<ul class=\"wp-block-list\">\n<li>Flug <strong>S\u00e3o Paulo \u2192 Mendoza<\/strong><\/li>\n\n\n\n<li>Check-in (Boutique-Hotel oder Winery-Lodge)<\/li>\n\n\n\n<li>Lockerer Spaziergang, fr\u00fches Dinner<\/li>\n\n\n\n<li>Akklimatisierung (Hitze, H\u00f6he, Zeitumstellung)<\/li>\n<\/ul>\n\n\n\n<p><strong>Flughafen:<\/strong> Aeropuerto Internacional El Plumerillo<br><strong>Hotel:<\/strong> Park Hyatt Mendoza<\/p>\n\n\n\n<h3 class=\"wp-block-heading\">&#x1f4cd; Distanz<\/h3>\n\n\n\n<ul class=\"wp-block-list\">\n<li><strong>Ca. 10 km<\/strong><\/li>\n\n\n\n<li>Fahrtzeit: <strong>15\u201320 Minuten<\/strong> (je nach Verkehr)<\/li>\n<\/ul>\n\n\n\n<h3 class=\"wp-block-heading\">&#x1f697; Transferoptionen<\/h3>\n\n\n\n<figure class=\"wp-block-table\"><table class=\"has-fixed-layout\"><thead><tr><th>Option<\/th><th>Dauer<\/th><th>Richtpreis<\/th><\/tr><\/thead><tbody><tr><td>Privater Transfer<\/td><td>15\u201320 Min<\/td><td>ca. USD 25\u201340<\/td><\/tr><tr><td>Taxi \/ Uber<\/td><td>15\u201320 Min<\/td><td>ca. USD 15\u201325<\/td><\/tr><tr><td>Mietwagen<\/td><td>15\u201320 Min<\/td><td>je nach Kategorie<\/td><\/tr><\/tbody><\/table><\/figure>\n\n\n\n<p>F\u00fcr eine luxuri\u00f6se Reise (wie von euch geplant) empfehle ich <strong>vorab organisierten Privattransfer<\/strong> \u2013 unkompliziert, zuverl\u00e4ssig, Fahrer wartet im Ankunftsbereich.<\/p>\n\n\n\n<h3 class=\"wp-block-heading\">&#x1f3d9; Lage des Hotels<\/h3>\n\n\n\n<p>Das Park Hyatt liegt <strong>direkt an der Plaza Independencia<\/strong>, also absolut zentral. Von dort:<\/p>\n\n\n\n<p><a href=\"https:\/\/www.booking.com\/hotel\/ar\/park-hyatt-mendoza-casino-spa.de.html?aid=356980&amp;label=gog235jc-10CAsoDEIdcGFyay1oeWF0dC1tZW5kb3phLWNhc2luby1zcGFIB1gDaCyIAQGYATO4ARfIAQzYAQPoAQH4AQGIAgGoAgG4ArqK-MwGwAIB0gIkMDM4MjA3ZmUtY2RiYS00ZDUwLWE5YzAtZGI5MDAyOGU2ZmNl2AIB4AIB&amp;sid=c5bfbf4ac49bc31c017b2c93a86cf7ac&amp;all_sr_blocks=24219412_93717456_2_2_0_712201&amp;checkin=2026-12-26&amp;checkout=2026-12-29&amp;dest_id=-1003869&amp;dest_type=city&amp;dist=0&amp;group_adults=2&amp;group_children=0&amp;hapos=1&amp;highlighted_blocks=24219412_93717456_2_2_0_712201&amp;hpos=1&amp;matching_block_id=24219412_93717456_2_2_0_712201&amp;no_rooms=1&amp;req_adults=2&amp;req_children=0&amp;room1=A%2CA&amp;sb_price_type=total&amp;sr_order=popularity&amp;sr_pri_blocks=24219412_93717456_2_2_0_712201_63900&amp;srepoch=1771963751&amp;srpvid=150c8db11e890f62&amp;type=total&amp;ucfs=1&amp;\">https:\/\/www.booking.com\/hotel\/ar\/park-hyatt-mendoza-casino-spa.de.html?aid=356980&amp;label=gog235jc-10CAsoDEIdcGFyay1oeWF0dC1tZW5kb3phLWNhc2luby1zcGFIB1gDaCyIAQGYATO4ARfIAQzYAQPoAQH4AQGIAgGoAgG4ArqK-MwGwAIB0gIkMDM4MjA3ZmUtY2RiYS00ZDUwLWE5YzAtZGI5MDAyOGU2ZmNl2AIB4AIB&amp;sid=c5bfbf4ac49bc31c017b2c93a86cf7ac&amp;all_sr_blocks=24219412_93717456_2_2_0_712201&amp;checkin=2026-12-26&amp;checkout=2026-12-29&amp;dest_id=-1003869&amp;dest_type=city&amp;dist=0&amp;group_adults=2&amp;group_children=0&amp;hapos=1&amp;highlighted_blocks=24219412_93717456_2_2_0_712201&amp;hpos=1&amp;matching_block_id=24219412_93717456_2_2_0_712201&amp;no_rooms=1&amp;req_adults=2&amp;req_children=0&amp;room1=A%2CA&amp;sb_price_type=total&amp;sr_order=popularity&amp;sr_pri_blocks=24219412_93717456_2_2_0_712201_63900&amp;srepoch=1771963751&amp;srpvid=150c8db11e890f62&amp;type=total&amp;ucfs=1&amp;<\/a><\/p>\n\n\n\n<ul class=\"wp-block-list\">\n<li>5\u201310 Gehminuten zu Restaurants &amp; Weinbars<\/li>\n\n\n\n<li>20\u201325 Minuten Fahrt zu den ersten Bodegas in Luj\u00e1n de Cuyo<\/li>\n\n\n\n<li>1\u20131,5 Stunden in die Uco Valley Region<\/li>\n<\/ul>\n\n\n\n<figure class=\"wp-block-image size-full\"><img loading=\"lazy\" decoding=\"async\" width=\"728\" height=\"414\" src=\"https:\/\/rm-wein.ch\/wp-content\/uploads\/2026\/02\/image-8.png\" alt=\"\" class=\"wp-image-1921\" srcset=\"https:\/\/rm-wein.ch\/wp-content\/uploads\/2026\/02\/image-8.png 728w, https:\/\/rm-wein.ch\/wp-content\/uploads\/2026\/02\/image-8-300x171.png 300w\" sizes=\"auto, (max-width: 728px) 100vw, 728px\" \/><\/figure>\n\n\n\n<p><\/p>\n\n\n\n<p><\/p>\n\n\n\n<p><\/p>\n\n\n\n<h3 class=\"wp-block-heading\"><strong>Tag 2 \u2013 Luj\u00e1n de Cuyo (klassisches Mendoza)<\/strong><\/h3>\n\n\n\n<ul class=\"wp-block-list\">\n<li>Private Wine Tour (mit Fahrer)<\/li>\n\n\n\n<li>Tastings bei:\n<ul class=\"wp-block-list\">\n<li><strong>Catena Zapata<\/strong><\/li>\n\n\n\n<li><strong>Ach\u00e1val\u2011Ferrer<\/strong><\/li>\n<\/ul>\n<\/li>\n\n\n\n<li>Mittagessen auf dem Weingut<\/li>\n\n\n\n<li>R\u00fcckkehr am Nachmittag, entspannter Abend<\/li>\n<\/ul>\n\n\n\n<h3 class=\"wp-block-heading\"><strong>Tag 3 \u2013 Valle de Uco (Hochlagen &amp; Architektur)<\/strong><\/h3>\n\n\n\n<p><\/p>\n\n\n\n<p><a href=\"https:\/\/www.booking.com\/hotel\/ar\/casa-petrini.de.html?aid=356980&amp;label=gog235jc-10CAsoDEIMY2FzYS1wZXRyaW5pSAdYA2gsiAEBmAEzuAEXyAEM2AED6AEB-AEBiAIBqAIBuALfofjMBsACAdICJGRiNTI0ZjZhLWI0NzItNDc3OS1iYTJlLTI5ZTgwNzhlMjI1Y9gCAeACAQ&amp;sid=c5bfbf4ac49bc31c017b2c93a86cf7ac&amp;age=1&amp;checkin=2026-12-26&amp;checkout=2026-12-28&amp;dest_id=-1018000&amp;dest_type=city&amp;dist=0&amp;do_availability_check=1&amp;group_adults=2&amp;group_children=0&amp;hp_avform=1&amp;hp_group_set=0&amp;no_rooms=1&amp;origin=hp&amp;sb_price_type=total&amp;src=hotel&amp;type=total&amp;#availability_target\">https:\/\/www.booking.com\/hotel\/ar\/casa-petrini.de.html?aid=356980&amp;label=gog235jc-10CAsoDEIMY2FzYS1wZXRyaW5pSAdYA2gsiAEBmAEzuAEXyAEM2AED6AEB-AEBiAIBqAIBuALfofjMBsACAdICJGRiNTI0ZjZhLWI0NzItNDc3OS1iYTJlLTI5ZTgwNzhlMjI1Y9gCAeACAQ&amp;sid=c5bfbf4ac49bc31c017b2c93a86cf7ac&amp;age=1&amp;checkin=2026-12-26&amp;checkout=2026-12-28&amp;dest_id=-1018000&amp;dest_type=city&amp;dist=0&amp;do_availability_check=1&amp;group_adults=2&amp;group_children=0&amp;hp_avform=1&amp;hp_group_set=0&amp;no_rooms=1&amp;origin=hp&amp;sb_price_type=total&amp;src=hotel&amp;type=total&amp;#availability_target<\/a><\/p>\n\n\n\n<ul class=\"wp-block-list\">\n<li>Ganztagestour Valle de Uco<\/li>\n\n\n\n<li>Tastings bei:\n<ul class=\"wp-block-list\">\n<li><strong>Zuccardi Valle de Uco<\/strong><\/li>\n\n\n\n<li><strong>Bodega Salentein<\/strong><\/li>\n<\/ul>\n<\/li>\n\n\n\n<li>Panorama-Lunch mit Andenblick<\/li>\n\n\n\n<li>R\u00fcckfahrt bei Sonnenuntergang<\/li>\n<\/ul>\n\n\n\n<h3 class=\"wp-block-heading\"><strong>Tag 4 \u2013 Genuss &amp; Freiheit<\/strong><\/h3>\n\n\n\n<p>Optionen (je nach Geschmack):<\/p>\n\n\n\n<ul class=\"wp-block-list\">\n<li>Kochkurs \/ Asado-Erlebnis<\/li>\n\n\n\n<li>Spa &amp; Pool mit Andenblick<\/li>\n\n\n\n<li>Kleine Boutique-Winery<\/li>\n\n\n\n<li>Abends Abschieds-Dinner in Mendoza<\/li>\n<\/ul>\n\n\n\n<p><\/p>\n\n\n\n<p><\/p>\n\n\n\n<p><\/p>\n\n\n\n<h1 class=\"wp-block-heading\">Chile<\/h1>\n\n\n\n<p><\/p>\n\n\n\n<p><\/p>\n\n\n\n<p><strong>Weing\u00fcter in Chile von Carla empfohlen:<\/strong><\/p>\n\n\n\n<ul class=\"wp-block-list\">\n<li>VIK<\/li>\n\n\n\n<li>Caballo Loco<\/li>\n\n\n\n<li>Garces Silva (Amayna Pinot Noer diferente)<\/li>\n\n\n\n<li>Montes (melhor carmenere)<\/li>\n\n\n\n<li>Almaviva<\/li>\n\n\n\n<li>Viu Manent<\/li>\n\n\n\n<li>Tarapaca<\/li>\n\n\n\n<li>Errazuriz<\/li>\n\n\n\n<li>Lapostolle (Clos Apalta)<\/li>\n<\/ul>\n\n\n\n<p>\/<\/p>\n\n\n\n<p><\/p>\n","protected":false},"excerpt":{"rendered":"<p>Programm 26.12.2026: Flug Sao Paulo nach Mendoza Die meisten der genannten Weing\u00fcter liegen in der Weinregion Mendoza in Argentinien. Innerhalb der Provinz verteilen sie sich vor allem auf drei Zonen: Valle de Uco, Luj\u00e1n de Cuyo und Maip\u00fa. Start im Valle de Uco 26. &#8211; 29. Dezember Valle de Uco (h\u00f6her gelegen, 1.000\u20131.500 m, sehr &#8230; <a title=\"Argentinien 2026\" class=\"read-more\" href=\"https:\/\/rm-wein.ch\/?page_id=1911\" aria-label=\"Mehr Informationen \u00fcber Argentinien 2026\">Weiterlesen<\/a><\/p>\n","protected":false},"author":1,"featured_media":0,"parent":1909,"menu_order":0,"comment_status":"closed","ping_status":"closed","template":"","meta":{"footnotes":""},"class_list":["post-1911","page","type-page","status-publish"],"_links":{"self":[{"href":"https:\/\/rm-wein.ch\/index.php?rest_route=\/wp\/v2\/pages\/1911","targetHints":{"allow":["GET"]}}],"collection":[{"href":"https:\/\/rm-wein.ch\/index.php?rest_route=\/wp\/v2\/pages"}],"about":[{"href":"https:\/\/rm-wein.ch\/index.php?rest_route=\/wp\/v2\/types\/page"}],"author":[{"embeddable":true,"href":"https:\/\/rm-wein.ch\/index.php?rest_route=\/wp\/v2\/users\/1"}],"replies":[{"embeddable":true,"href":"https:\/\/rm-wein.ch\/index.php?rest_route=%2Fwp%2Fv2%2Fcomments&post=1911"}],"version-history":[{"count":20,"href":"https:\/\/rm-wein.ch\/index.php?rest_route=\/wp\/v2\/pages\/1911\/revisions"}],"predecessor-version":[{"id":2001,"href":"https:\/\/rm-wein.ch\/index.php?rest_route=\/wp\/v2\/pages\/1911\/revisions\/2001"}],"up":[{"embeddable":true,"href":"https:\/\/rm-wein.ch\/index.php?rest_route=\/wp\/v2\/pages\/1909"}],"wp:attachment":[{"href":"https:\/\/rm-wein.ch\/index.php?rest_route=%2Fwp%2Fv2%2Fmedia&parent=1911"}],"curies":[{"name":"wp","href":"https:\/\/api.w.org\/{rel}","templated":true}]}}