{"id":227,"date":"2024-09-29T08:18:20","date_gmt":"2024-09-29T08:18:20","guid":{"rendered":"https:\/\/rm-wein.ch\/?page_id=227"},"modified":"2024-10-20T11:53:16","modified_gmt":"2024-10-20T11:53:16","slug":"chile","status":"publish","type":"page","link":"https:\/\/rm-wein.ch\/?page_id=227","title":{"rendered":"Chile"},"content":{"rendered":"\n<p>Link direkt zu den Anbaugebieten von: <a href=\"#Chile_Pinot\" data-type=\"internal\" data-id=\"#Chile_Pinot\">Pinot Noir<\/a> \/ <a href=\"#Chile_Merlot\">Merlot <\/a>\/ <a href=\"#Chile_Cabernet\">Cabernet Sauvignon<\/a> \/ <a href=\"#Chile_Carmenere\">Carmenere <\/a>\/ <a href=\"#Chile_Chardonnay\" data-type=\"internal\" data-id=\"#Chile_Chardonnay\">Chardonnay<\/a> \/ <a href=\"#Chile_Sauvignon\" data-type=\"internal\" data-id=\"#Chile_Sauvignon\">Sauvignon Blanc<\/a><\/p>\n\n\n\n<p><\/p>\n\n\n\n<figure class=\"wp-block-image size-full\"><img loading=\"lazy\" decoding=\"async\" width=\"635\" height=\"876\" src=\"https:\/\/rm-wein.ch\/wp-content\/uploads\/2024\/10\/image-660.png\" alt=\"\" class=\"wp-image-1570\" srcset=\"https:\/\/rm-wein.ch\/wp-content\/uploads\/2024\/10\/image-660.png 635w, https:\/\/rm-wein.ch\/wp-content\/uploads\/2024\/10\/image-660-217x300.png 217w\" sizes=\"auto, (max-width: 635px) 100vw, 635px\" \/><\/figure>\n\n\n\n<figure class=\"wp-block-image size-full\"><img loading=\"lazy\" decoding=\"async\" width=\"802\" height=\"956\" src=\"https:\/\/rm-wein.ch\/wp-content\/uploads\/2024\/10\/image-661.png\" alt=\"\" class=\"wp-image-1572\" srcset=\"https:\/\/rm-wein.ch\/wp-content\/uploads\/2024\/10\/image-661.png 802w, https:\/\/rm-wein.ch\/wp-content\/uploads\/2024\/10\/image-661-252x300.png 252w, https:\/\/rm-wein.ch\/wp-content\/uploads\/2024\/10\/image-661-768x915.png 768w\" sizes=\"auto, (max-width: 802px) 100vw, 802px\" \/><\/figure>\n\n\n\n<p><strong>Pinot Noir<\/strong>: Casablanca und San Antonio<\/p>\n\n\n\n<p><strong>Cabernet Sauvignon \/ Merlot:<\/strong> Maipo, Colchagua und ganze Cetral Valley<\/p>\n\n\n\n<p><strong>Carmenere:<\/strong> Einfach Weine aus ganz Central Valley, besser aus Curico, Maule und Colchagua<\/p>\n\n\n\n<p><strong>Chardonnay<\/strong>: Casablanca, Valley Cenral<\/p>\n\n\n\n<p><strong>Sauvignon Blanc<\/strong>: Casablanca, Valley Cenral<\/p>\n\n\n\n<p>Der moderne chilenische Weinbau nahm seinen Anfang, als Mitte des 19. Jahrhunderts franz\u00f6sische Winzer einwanderten und Sorten, wie z. B. den Cabernet Sauvignon, mitbrachten.<\/p>\n\n\n\n<p>Als typisch chilenisch gilt die alte Bordeaux-Rebsorte Carm\u00e9n\u00e8re. Mit den Rebsorten Cabernet Sauvignon, Syrah, Merlot sowie anderen bekannten Rebsorten wie z. B. Pinot Noir, z\u00e4hlt Carm\u00e9n\u00e8re zu den Pflanzen, die weltweit reimportiert werden: Chile wurde im 19. Jahrhundert von der gro\u00dfen Reblausplage aufgrund der geographischen Abgeschiedenheit verschont, weshalb die Abk\u00f6mmlinge, die aus alten unversehrten Bordeauxreben hervorgingen sind, begehrt waren. Nach der Ausrottung der Reblaus wurden wurzelechte Rebsorten aus Chile exportiert (und nach Frankreich reimportiert).<\/p>\n\n\n\n<p>Chile ist weltweit das einzige Land, das bisher von der Reblaus verschont wurde. Auch der falsche Mehltau ist in Chile bislang nicht aufgetreten. Daher k\u00f6nnen weniger Chemikalien eingesetzt werden und auf die Veredlung der Rebsetzlinge kann komplett verzichtet werden.<\/p>\n\n\n\n<p>Mitte der 1980er Jahre war der Weinexport Chiles noch marginal. Obwohl im Land seit der Kolonialzeit Wein angebaut und gekeltert wird, war die Qualit\u00e4t nicht auf Weltmarktniveau. So exportierte Chile 1985 Wein f\u00fcr gerade mal 10 Mio. US-Dollar. 13 Jahre sp\u00e4ter waren es bereits 550 Mio. Auftakt des Booms war 1981, als die spanische Kellerei Miguel Torres im Zentraltal in der N\u00e4he von Curic\u00f3 ein riesiges Weingut aus dem Boden stampfte. Zahlreiche ausl\u00e4ndische Investoren folgten, darunter Ch\u00e2teau Lafite-Rothschild, Larose Trintaudon, Grand Marnier, Robert Mondavi und die Br\u00fcder Christian. Alles, was in Bordeaux einen Namen hat, versuchte sich in Chile einzukaufen und Terroir zu erschlie\u00dfen.[3]<\/p>\n\n\n\n<p>Rund um den Weinbau wurden die chilenischen Weinstra\u00dfen geschaffen. Diese thematischen Ferienstra\u00dfen sollen Touristen animieren, Weinberge und Weinkeller zu besuchen.[4]<\/p>\n\n\n\n<h3 class=\"wp-block-heading\">Rebsortenspiegel<\/h3>\n\n\n\n<p>In Chile blieb die Rebfl\u00e4che im Jahr 2022 mit 196000 ha gegen\u00fcber 2021 nahezu unver\u00e4ndert. Die chilenischen Weingebiete wurden in den letzten Jahren gro\u00dffl\u00e4chig mit h\u00f6herwertigen Rebsorten neu bepflanzt. Die Rebsorte Pa\u00eds, die 1985 noch auf 44 % der Fl\u00e4che zu finden war, geht dabei bis zur Bedeutungslosigkeit zur\u00fcck. Die wei\u00dfe Sorte Sauvignon Blanc konnte ihren Anteil nach langem R\u00fcckgang zwischen 2004 und 2018 verdoppeln. Dabei wurden auch in Chile bislang kaum beachtete Rebsorten angepflanzt, z. B. Syrah. Weitere Sorten mit einem Prozent Anbaufl\u00e4che und mehr waren 2023 Pedro Xim\u00e9nez (wei\u00df, 3 %) Moscatel Alejandria (wei\u00df, 2 %) und Malbec (rot, 3 %). Weitere Anbaugebiete f\u00fcr die Produktion von Pisco von insgesamt ca. 70.768.248 Litern und Tafeltrauben sind in der Tabelle nicht ber\u00fccksichtigt.<\/p>\n\n\n\n<figure class=\"wp-block-image size-full\"><img loading=\"lazy\" decoding=\"async\" width=\"1004\" height=\"567\" src=\"https:\/\/rm-wein.ch\/wp-content\/uploads\/2024\/09\/image-150.png\" alt=\"\" class=\"wp-image-228\" srcset=\"https:\/\/rm-wein.ch\/wp-content\/uploads\/2024\/09\/image-150.png 1004w, https:\/\/rm-wein.ch\/wp-content\/uploads\/2024\/09\/image-150-300x169.png 300w, https:\/\/rm-wein.ch\/wp-content\/uploads\/2024\/09\/image-150-768x434.png 768w\" sizes=\"auto, (max-width: 1004px) 100vw, 1004px\" \/><\/figure>\n\n\n\n<p><\/p>\n\n\n\n<h3 class=\"wp-block-heading\">Regionen<\/h3>\n\n\n\n<p>Chile liegt in mehreren Klimazonen. Der Weinbau konzentriert sich auf vier Weinbauregionen und deren Sub-Regionen, die zwischen dem 30. und dem 38. Breitengrad liegen.[7]<\/p>\n\n\n\n<p>Als bestes Anbaugebiet gilt <strong>Maipo<\/strong>, ca. 40 Kilometer s\u00fcdlich der Hauptstadt Santiago de Chile, wo die besten Rotweine aus dem s\u00fcdlich anschlie\u00dfenden Rapel-Tal herkommen. In der Regi\u00f3n del Maule, ebenfalls im S\u00fcden, wird vorwiegend die rote Sorte Pa\u00eds kultiviert. Die besten Wei\u00dfweine aus den <strong>Trauben Chardonnay und Sauvignon<\/strong> stellt der Bereich <strong>Casablanca<\/strong> nahe der pazifischen K\u00fcste.<\/p>\n\n\n\n<p>Weinbau-Region Coquimbo<\/p>\n\n\n\n<ul class=\"wp-block-list\">\n<li>Valle del Elqui (Elqui-Tal)<\/li>\n\n\n\n<li>Valle de Limar\u00ed<\/li>\n\n\n\n<li>Valle de Choapa<\/li>\n<\/ul>\n\n\n\n<p>Weinbau-Region Aconcagua<\/p>\n\n\n\n<ul class=\"wp-block-list\">\n<li>Valle del Aconcagua<\/li>\n\n\n\n<li><strong>Valle de Casablanca<\/strong><\/li>\n\n\n\n<li>Valle de San Antonio<\/li>\n<\/ul>\n\n\n\n<p>Weinbau-Region Valle Central<\/p>\n\n\n\n<ul class=\"wp-block-list\">\n<li><strong>Valle del Maipo<\/strong><\/li>\n\n\n\n<li>Valle de Rapel<\/li>\n\n\n\n<li>Valle de Curic\u00f3<\/li>\n\n\n\n<li>Valle del Maule<\/li>\n<\/ul>\n\n\n\n<p>Weinbau-Region Valle Sur<\/p>\n\n\n\n<ul class=\"wp-block-list\">\n<li>Valle del Itata<\/li>\n\n\n\n<li>Valle del B\u00edo-B\u00edo<\/li>\n\n\n\n<li>Valle del Malleco<\/li>\n<\/ul>\n\n\n\n<p><\/p>\n\n\n\n<h3 class=\"wp-block-heading\" id=\"Chile_Pinot\">Pinot Noir in Chile<\/h3>\n\n\n\n<figure class=\"wp-block-image size-full\"><img loading=\"lazy\" decoding=\"async\" width=\"964\" height=\"491\" src=\"https:\/\/rm-wein.ch\/wp-content\/uploads\/2024\/09\/image-151.png\" alt=\"\" class=\"wp-image-229\" srcset=\"https:\/\/rm-wein.ch\/wp-content\/uploads\/2024\/09\/image-151.png 964w, https:\/\/rm-wein.ch\/wp-content\/uploads\/2024\/09\/image-151-300x153.png 300w, https:\/\/rm-wein.ch\/wp-content\/uploads\/2024\/09\/image-151-768x391.png 768w\" sizes=\"auto, (max-width: 964px) 100vw, 964px\" \/><\/figure>\n\n\n\n<figure class=\"wp-block-image size-large\"><img loading=\"lazy\" decoding=\"async\" width=\"805\" height=\"1024\" src=\"https:\/\/rm-wein.ch\/wp-content\/uploads\/2024\/09\/image-152-805x1024.png\" alt=\"\" class=\"wp-image-230\" srcset=\"https:\/\/rm-wein.ch\/wp-content\/uploads\/2024\/09\/image-152-805x1024.png 805w, https:\/\/rm-wein.ch\/wp-content\/uploads\/2024\/09\/image-152-236x300.png 236w, https:\/\/rm-wein.ch\/wp-content\/uploads\/2024\/09\/image-152-768x977.png 768w, https:\/\/rm-wein.ch\/wp-content\/uploads\/2024\/09\/image-152.png 919w\" sizes=\"auto, (max-width: 805px) 100vw, 805px\" \/><\/figure>\n\n\n\n<figure class=\"wp-block-image size-full\"><img loading=\"lazy\" decoding=\"async\" width=\"365\" height=\"521\" src=\"https:\/\/rm-wein.ch\/wp-content\/uploads\/2024\/09\/image-153.png\" alt=\"\" class=\"wp-image-231\" srcset=\"https:\/\/rm-wein.ch\/wp-content\/uploads\/2024\/09\/image-153.png 365w, https:\/\/rm-wein.ch\/wp-content\/uploads\/2024\/09\/image-153-210x300.png 210w\" sizes=\"auto, (max-width: 365px) 100vw, 365px\" \/><\/figure>\n\n\n\n<p>Rebsorte: <a href=\"https:\/\/rm-wein.ch\/?page_id=425\" data-type=\"page\" data-id=\"425\">Pinot Noir<\/a><\/p>\n\n\n\n<p><\/p>\n\n\n\n<h3 class=\"wp-block-heading\" id=\"Chile_Merlot\">Merlot<\/h3>\n\n\n\n<figure class=\"wp-block-image size-large\"><img loading=\"lazy\" decoding=\"async\" width=\"1024\" height=\"495\" src=\"https:\/\/rm-wein.ch\/wp-content\/uploads\/2024\/10\/image-228-1024x495.png\" alt=\"\" class=\"wp-image-976\" srcset=\"https:\/\/rm-wein.ch\/wp-content\/uploads\/2024\/10\/image-228-1024x495.png 1024w, https:\/\/rm-wein.ch\/wp-content\/uploads\/2024\/10\/image-228-300x145.png 300w, https:\/\/rm-wein.ch\/wp-content\/uploads\/2024\/10\/image-228-768x371.png 768w, https:\/\/rm-wein.ch\/wp-content\/uploads\/2024\/10\/image-228.png 1503w\" sizes=\"auto, (max-width: 1024px) 100vw, 1024px\" \/><\/figure>\n\n\n\n<figure class=\"wp-block-image size-full\"><img loading=\"lazy\" decoding=\"async\" width=\"707\" height=\"232\" src=\"https:\/\/rm-wein.ch\/wp-content\/uploads\/2024\/10\/image-166.png\" alt=\"\" class=\"wp-image-887\" srcset=\"https:\/\/rm-wein.ch\/wp-content\/uploads\/2024\/10\/image-166.png 707w, https:\/\/rm-wein.ch\/wp-content\/uploads\/2024\/10\/image-166-300x98.png 300w\" sizes=\"auto, (max-width: 707px) 100vw, 707px\" \/><\/figure>\n\n\n\n<figure class=\"wp-block-image size-full\"><img loading=\"lazy\" decoding=\"async\" width=\"707\" height=\"895\" src=\"https:\/\/rm-wein.ch\/wp-content\/uploads\/2024\/10\/image-167.png\" alt=\"\" class=\"wp-image-888\" srcset=\"https:\/\/rm-wein.ch\/wp-content\/uploads\/2024\/10\/image-167.png 707w, https:\/\/rm-wein.ch\/wp-content\/uploads\/2024\/10\/image-167-237x300.png 237w\" sizes=\"auto, (max-width: 707px) 100vw, 707px\" \/><\/figure>\n\n\n\n<figure class=\"wp-block-image size-full\"><img loading=\"lazy\" decoding=\"async\" width=\"316\" height=\"161\" src=\"https:\/\/rm-wein.ch\/wp-content\/uploads\/2024\/10\/image-168.png\" alt=\"\" class=\"wp-image-889\" srcset=\"https:\/\/rm-wein.ch\/wp-content\/uploads\/2024\/10\/image-168.png 316w, https:\/\/rm-wein.ch\/wp-content\/uploads\/2024\/10\/image-168-300x153.png 300w\" sizes=\"auto, (max-width: 316px) 100vw, 316px\" \/><\/figure>\n\n\n\n<figure class=\"wp-block-image size-full\"><img loading=\"lazy\" decoding=\"async\" width=\"333\" height=\"161\" src=\"https:\/\/rm-wein.ch\/wp-content\/uploads\/2024\/10\/image-169.png\" alt=\"\" class=\"wp-image-890\" srcset=\"https:\/\/rm-wein.ch\/wp-content\/uploads\/2024\/10\/image-169.png 333w, https:\/\/rm-wein.ch\/wp-content\/uploads\/2024\/10\/image-169-300x145.png 300w\" sizes=\"auto, (max-width: 333px) 100vw, 333px\" \/><\/figure>\n\n\n\n<p><\/p>\n\n\n\n<h3 class=\"wp-block-heading\" id=\"Chile_Cabernet\">Cabernet Sauvignon<\/h3>\n\n\n\n<figure class=\"wp-block-image size-large\"><img loading=\"lazy\" decoding=\"async\" width=\"1024\" height=\"495\" src=\"https:\/\/rm-wein.ch\/wp-content\/uploads\/2024\/10\/image-229-1024x495.png\" alt=\"\" class=\"wp-image-977\" srcset=\"https:\/\/rm-wein.ch\/wp-content\/uploads\/2024\/10\/image-229-1024x495.png 1024w, https:\/\/rm-wein.ch\/wp-content\/uploads\/2024\/10\/image-229-300x145.png 300w, https:\/\/rm-wein.ch\/wp-content\/uploads\/2024\/10\/image-229-768x371.png 768w, https:\/\/rm-wein.ch\/wp-content\/uploads\/2024\/10\/image-229.png 1503w\" sizes=\"auto, (max-width: 1024px) 100vw, 1024px\" \/><\/figure>\n\n\n\n<figure class=\"wp-block-image size-full\"><img loading=\"lazy\" decoding=\"async\" width=\"703\" height=\"287\" src=\"https:\/\/rm-wein.ch\/wp-content\/uploads\/2024\/10\/image-207.png\" alt=\"\" class=\"wp-image-944\" srcset=\"https:\/\/rm-wein.ch\/wp-content\/uploads\/2024\/10\/image-207.png 703w, https:\/\/rm-wein.ch\/wp-content\/uploads\/2024\/10\/image-207-300x122.png 300w\" sizes=\"auto, (max-width: 703px) 100vw, 703px\" \/><\/figure>\n\n\n\n<figure class=\"wp-block-image size-full\"><img loading=\"lazy\" decoding=\"async\" width=\"902\" height=\"507\" src=\"https:\/\/rm-wein.ch\/wp-content\/uploads\/2024\/10\/image-208.png\" alt=\"\" class=\"wp-image-945\" srcset=\"https:\/\/rm-wein.ch\/wp-content\/uploads\/2024\/10\/image-208.png 902w, https:\/\/rm-wein.ch\/wp-content\/uploads\/2024\/10\/image-208-300x169.png 300w, https:\/\/rm-wein.ch\/wp-content\/uploads\/2024\/10\/image-208-768x432.png 768w\" sizes=\"auto, (max-width: 902px) 100vw, 902px\" \/><\/figure>\n\n\n\n<figure class=\"wp-block-image size-full\"><img loading=\"lazy\" decoding=\"async\" width=\"712\" height=\"855\" src=\"https:\/\/rm-wein.ch\/wp-content\/uploads\/2024\/10\/image-209.png\" alt=\"\" class=\"wp-image-946\" srcset=\"https:\/\/rm-wein.ch\/wp-content\/uploads\/2024\/10\/image-209.png 712w, https:\/\/rm-wein.ch\/wp-content\/uploads\/2024\/10\/image-209-250x300.png 250w\" sizes=\"auto, (max-width: 712px) 100vw, 712px\" \/><\/figure>\n\n\n\n<figure class=\"wp-block-image size-full\"><img loading=\"lazy\" decoding=\"async\" width=\"313\" height=\"181\" src=\"https:\/\/rm-wein.ch\/wp-content\/uploads\/2024\/10\/image-210.png\" alt=\"\" class=\"wp-image-947\" srcset=\"https:\/\/rm-wein.ch\/wp-content\/uploads\/2024\/10\/image-210.png 313w, https:\/\/rm-wein.ch\/wp-content\/uploads\/2024\/10\/image-210-300x173.png 300w\" sizes=\"auto, (max-width: 313px) 100vw, 313px\" \/><\/figure>\n\n\n\n<figure class=\"wp-block-image size-full\"><img loading=\"lazy\" decoding=\"async\" width=\"305\" height=\"152\" src=\"https:\/\/rm-wein.ch\/wp-content\/uploads\/2024\/10\/image-211.png\" alt=\"\" class=\"wp-image-948\" srcset=\"https:\/\/rm-wein.ch\/wp-content\/uploads\/2024\/10\/image-211.png 305w, https:\/\/rm-wein.ch\/wp-content\/uploads\/2024\/10\/image-211-300x150.png 300w\" sizes=\"auto, (max-width: 305px) 100vw, 305px\" \/><\/figure>\n\n\n\n<figure class=\"wp-block-image size-full\"><img loading=\"lazy\" decoding=\"async\" width=\"317\" height=\"132\" src=\"https:\/\/rm-wein.ch\/wp-content\/uploads\/2024\/10\/image-212.png\" alt=\"\" class=\"wp-image-949\" srcset=\"https:\/\/rm-wein.ch\/wp-content\/uploads\/2024\/10\/image-212.png 317w, https:\/\/rm-wein.ch\/wp-content\/uploads\/2024\/10\/image-212-300x125.png 300w\" sizes=\"auto, (max-width: 317px) 100vw, 317px\" \/><\/figure>\n\n\n\n<p>Rebsorte: <a href=\"https:\/\/rm-wein.ch\/?page_id=905\" data-type=\"page\" data-id=\"905\">Cabernet Sauvignon<\/a><\/p>\n\n\n\n<p><\/p>\n\n\n\n<h3 class=\"wp-block-heading\" id=\"Chile_Carmenere\">Carmenere<\/h3>\n\n\n\n<figure class=\"wp-block-image size-large\"><img loading=\"lazy\" decoding=\"async\" width=\"1024\" height=\"503\" src=\"https:\/\/rm-wein.ch\/wp-content\/uploads\/2024\/10\/image-384-1024x503.png\" alt=\"\" class=\"wp-image-1201\" srcset=\"https:\/\/rm-wein.ch\/wp-content\/uploads\/2024\/10\/image-384-1024x503.png 1024w, https:\/\/rm-wein.ch\/wp-content\/uploads\/2024\/10\/image-384-300x147.png 300w, https:\/\/rm-wein.ch\/wp-content\/uploads\/2024\/10\/image-384-768x377.png 768w, https:\/\/rm-wein.ch\/wp-content\/uploads\/2024\/10\/image-384.png 1490w\" sizes=\"auto, (max-width: 1024px) 100vw, 1024px\" \/><\/figure>\n\n\n\n<figure class=\"wp-block-image size-full\"><img loading=\"lazy\" decoding=\"async\" width=\"716\" height=\"862\" src=\"https:\/\/rm-wein.ch\/wp-content\/uploads\/2024\/10\/image-382.png\" alt=\"\" class=\"wp-image-1199\" srcset=\"https:\/\/rm-wein.ch\/wp-content\/uploads\/2024\/10\/image-382.png 716w, https:\/\/rm-wein.ch\/wp-content\/uploads\/2024\/10\/image-382-249x300.png 249w\" sizes=\"auto, (max-width: 716px) 100vw, 716px\" \/><\/figure>\n\n\n\n<figure class=\"wp-block-image size-full\"><img loading=\"lazy\" decoding=\"async\" width=\"337\" height=\"267\" src=\"https:\/\/rm-wein.ch\/wp-content\/uploads\/2024\/10\/image-383.png\" alt=\"\" class=\"wp-image-1200\" srcset=\"https:\/\/rm-wein.ch\/wp-content\/uploads\/2024\/10\/image-383.png 337w, https:\/\/rm-wein.ch\/wp-content\/uploads\/2024\/10\/image-383-300x238.png 300w\" sizes=\"auto, (max-width: 337px) 100vw, 337px\" \/><\/figure>\n\n\n\n<p>Rebsorte: <a href=\"https:\/\/rm-wein.ch\/?page_id=1178\" data-type=\"page\" data-id=\"1178\">Carmenere<\/a><\/p>\n\n\n\n<p><\/p>\n\n\n\n<p><\/p>\n\n\n\n<h2 class=\"wp-block-heading\" id=\"Chile_Chardonnay\">Chardonnay Anbaugebiet<\/h2>\n\n\n\n<figure class=\"wp-block-image size-full\"><img loading=\"lazy\" decoding=\"async\" width=\"723\" height=\"958\" src=\"https:\/\/rm-wein.ch\/wp-content\/uploads\/2024\/10\/image-14.png\" alt=\"\" class=\"wp-image-640\" srcset=\"https:\/\/rm-wein.ch\/wp-content\/uploads\/2024\/10\/image-14.png 723w, https:\/\/rm-wein.ch\/wp-content\/uploads\/2024\/10\/image-14-226x300.png 226w\" sizes=\"auto, (max-width: 723px) 100vw, 723px\" \/><\/figure>\n\n\n\n<figure class=\"wp-block-image size-full\"><img loading=\"lazy\" decoding=\"async\" width=\"302\" height=\"411\" src=\"https:\/\/rm-wein.ch\/wp-content\/uploads\/2024\/10\/image-15.png\" alt=\"\" class=\"wp-image-642\" srcset=\"https:\/\/rm-wein.ch\/wp-content\/uploads\/2024\/10\/image-15.png 302w, https:\/\/rm-wein.ch\/wp-content\/uploads\/2024\/10\/image-15-220x300.png 220w\" sizes=\"auto, (max-width: 302px) 100vw, 302px\" \/><\/figure>\n\n\n\n<figure class=\"wp-block-image size-full\"><img loading=\"lazy\" decoding=\"async\" width=\"327\" height=\"375\" src=\"https:\/\/rm-wein.ch\/wp-content\/uploads\/2024\/10\/image-16.png\" alt=\"\" class=\"wp-image-643\" srcset=\"https:\/\/rm-wein.ch\/wp-content\/uploads\/2024\/10\/image-16.png 327w, https:\/\/rm-wein.ch\/wp-content\/uploads\/2024\/10\/image-16-262x300.png 262w\" sizes=\"auto, (max-width: 327px) 100vw, 327px\" \/><\/figure>\n\n\n\n<p>Rebsorte: <a href=\"https:\/\/rm-wein.ch\/?page_id=582\" data-type=\"page\" data-id=\"582\">Chardonnay<\/a><\/p>\n\n\n\n<p><\/p>\n\n\n\n<h3 class=\"wp-block-heading\" id=\"Chile_Sauvignon\">Sauvignon Blanc<\/h3>\n\n\n\n<figure class=\"wp-block-image size-full\"><img loading=\"lazy\" decoding=\"async\" width=\"712\" height=\"970\" src=\"https:\/\/rm-wein.ch\/wp-content\/uploads\/2024\/10\/image-82.png\" alt=\"\" class=\"wp-image-754\" srcset=\"https:\/\/rm-wein.ch\/wp-content\/uploads\/2024\/10\/image-82.png 712w, https:\/\/rm-wein.ch\/wp-content\/uploads\/2024\/10\/image-82-220x300.png 220w\" sizes=\"auto, (max-width: 712px) 100vw, 712px\" \/><\/figure>\n\n\n\n<figure class=\"wp-block-image size-full\"><img loading=\"lazy\" decoding=\"async\" width=\"342\" height=\"240\" src=\"https:\/\/rm-wein.ch\/wp-content\/uploads\/2024\/10\/image-83.png\" alt=\"\" class=\"wp-image-755\" srcset=\"https:\/\/rm-wein.ch\/wp-content\/uploads\/2024\/10\/image-83.png 342w, https:\/\/rm-wein.ch\/wp-content\/uploads\/2024\/10\/image-83-300x211.png 300w\" sizes=\"auto, (max-width: 342px) 100vw, 342px\" \/><\/figure>\n\n\n\n<figure class=\"wp-block-image size-full\"><img loading=\"lazy\" decoding=\"async\" width=\"336\" height=\"253\" src=\"https:\/\/rm-wein.ch\/wp-content\/uploads\/2024\/10\/image-84.png\" alt=\"\" class=\"wp-image-756\" srcset=\"https:\/\/rm-wein.ch\/wp-content\/uploads\/2024\/10\/image-84.png 336w, https:\/\/rm-wein.ch\/wp-content\/uploads\/2024\/10\/image-84-300x226.png 300w\" sizes=\"auto, (max-width: 336px) 100vw, 336px\" \/><\/figure>\n\n\n\n<p>Rebsorte: <a href=\"https:\/\/rm-wein.ch\/?page_id=669\" data-type=\"page\" data-id=\"669\">Sauvignon Blanc<\/a><\/p>\n\n\n\n<p><\/p>\n","protected":false},"excerpt":{"rendered":"<p>Link direkt zu den Anbaugebieten von: Pinot Noir \/ Merlot \/ Cabernet Sauvignon \/ Carmenere \/ Chardonnay \/ Sauvignon Blanc Pinot Noir: Casablanca und San Antonio Cabernet Sauvignon \/ Merlot: Maipo, Colchagua und ganze Cetral Valley Carmenere: Einfach Weine aus ganz Central Valley, besser aus Curico, Maule und Colchagua Chardonnay: Casablanca, Valley Cenral Sauvignon Blanc: &#8230; <a title=\"Chile\" class=\"read-more\" href=\"https:\/\/rm-wein.ch\/?page_id=227\" aria-label=\"Mehr Informationen \u00fcber Chile\">Weiterlesen<\/a><\/p>\n","protected":false},"author":1,"featured_media":0,"parent":223,"menu_order":65,"comment_status":"closed","ping_status":"closed","template":"","meta":{"footnotes":""},"class_list":["post-227","page","type-page","status-publish"],"_links":{"self":[{"href":"https:\/\/rm-wein.ch\/index.php?rest_route=\/wp\/v2\/pages\/227","targetHints":{"allow":["GET"]}}],"collection":[{"href":"https:\/\/rm-wein.ch\/index.php?rest_route=\/wp\/v2\/pages"}],"about":[{"href":"https:\/\/rm-wein.ch\/index.php?rest_route=\/wp\/v2\/types\/page"}],"author":[{"embeddable":true,"href":"https:\/\/rm-wein.ch\/index.php?rest_route=\/wp\/v2\/users\/1"}],"replies":[{"embeddable":true,"href":"https:\/\/rm-wein.ch\/index.php?rest_route=%2Fwp%2Fv2%2Fcomments&post=227"}],"version-history":[{"count":8,"href":"https:\/\/rm-wein.ch\/index.php?rest_route=\/wp\/v2\/pages\/227\/revisions"}],"predecessor-version":[{"id":1573,"href":"https:\/\/rm-wein.ch\/index.php?rest_route=\/wp\/v2\/pages\/227\/revisions\/1573"}],"up":[{"embeddable":true,"href":"https:\/\/rm-wein.ch\/index.php?rest_route=\/wp\/v2\/pages\/223"}],"wp:attachment":[{"href":"https:\/\/rm-wein.ch\/index.php?rest_route=%2Fwp%2Fv2%2Fmedia&parent=227"}],"curies":[{"name":"wp","href":"https:\/\/api.w.org\/{rel}","templated":true}]}}