{"id":334,"date":"2024-09-29T09:30:38","date_gmt":"2024-09-29T09:30:38","guid":{"rendered":"https:\/\/rm-wein.ch\/?page_id=334"},"modified":"2026-02-24T15:15:13","modified_gmt":"2026-02-24T15:15:13","slug":"rot","status":"publish","type":"page","link":"https:\/\/rm-wein.ch\/?page_id=334","title":{"rendered":"Rot"},"content":{"rendered":"\n<p><\/p>\n\n\n\n<h2 class=\"wp-block-heading\">Rote Traubensorten (\u00dcbersicht &#8211; f\u00fcr Details auf die Sorte)<\/h2>\n\n\n\n<div class=\"wp-block-columns is-not-stacked-on-mobile is-layout-flex wp-container-core-columns-is-layout-9d6595d7 wp-block-columns-is-layout-flex\">\n<div class=\"wp-block-column is-layout-flow wp-block-column-is-layout-flow\" style=\"flex-basis:33.33%\">\n<h5 class=\"wp-block-heading\"><strong>Sorte<\/strong><\/h5>\n\n\n\n<p class=\"has-small-font-size\"><a href=\"https:\/\/rm-wein.ch\/?page_id=905\" data-type=\"page\" data-id=\"905\">Cabernet Sauvignon<\/a><\/p>\n<\/div>\n\n\n\n<div class=\"wp-block-column is-layout-flow wp-block-column-is-layout-flow\" style=\"flex-basis:66.66%\">\n<h5 class=\"wp-block-heading\"><strong>Merkmale<\/strong><\/h5>\n\n\n\n<p class=\"has-small-font-size\">Farbe: Tief \/ Tannine: hoch \/ S\u00e4ure: hoch\/ K\u00f6rper: <br>Aromen: Schwarzbeerig<\/p>\n<\/div>\n<\/div>\n\n\n\n<div class=\"wp-block-columns is-not-stacked-on-mobile is-layout-flex wp-container-core-columns-is-layout-9d6595d7 wp-block-columns-is-layout-flex\">\n<div class=\"wp-block-column is-layout-flow wp-block-column-is-layout-flow\" style=\"flex-basis:33.33%\">\n<p class=\"has-small-font-size\"><a href=\"https:\/\/rm-wein.ch\/?page_id=425\" data-type=\"page\" data-id=\"425\">Pinot Noir<\/a><br><\/p>\n<\/div>\n\n\n\n<div class=\"wp-block-column is-layout-flow wp-block-column-is-layout-flow\" style=\"flex-basis:66.66%\">\n<p class=\"has-small-font-size\">Farbe: hell \/ Tannine: tief \/ S\u00e4ure:   \/ K\u00f6rper: <br>Aromen: Rotbeerig<\/p>\n<\/div>\n<\/div>\n\n\n\n<div class=\"wp-block-columns is-not-stacked-on-mobile is-layout-flex wp-container-core-columns-is-layout-9d6595d7 wp-block-columns-is-layout-flex\">\n<div class=\"wp-block-column is-layout-flow wp-block-column-is-layout-flow\" style=\"flex-basis:33.33%\">\n<p class=\"has-small-font-size\"><a href=\"https:\/\/rm-wein.ch\/?page_id=848\" data-type=\"page\" data-id=\"848\">Merlot<\/a><br><\/p>\n<\/div>\n\n\n\n<div class=\"wp-block-column is-layout-flow wp-block-column-is-layout-flow\" style=\"flex-basis:66.66%\">\n<p class=\"has-small-font-size\">Farbe: Mittel \/ Tannine: mittel \/ S\u00e4ure:  tief \/ K\u00f6rper:  schlank bis voll<br>Aromen: Rotbeerig bis \u00fcberreif schwarzbeerig<\/p>\n<\/div>\n<\/div>\n\n\n\n<div class=\"wp-block-columns is-not-stacked-on-mobile is-layout-flex wp-container-core-columns-is-layout-9d6595d7 wp-block-columns-is-layout-flex\">\n<div class=\"wp-block-column is-layout-flow wp-block-column-is-layout-flow\" style=\"flex-basis:33.33%\">\n<p class=\"has-small-font-size\"><a href=\"https:\/\/rm-wein.ch\/?page_id=441\" data-type=\"page\" data-id=\"441\">Zinfandel \/ Primitivo<\/a><\/p>\n<\/div>\n\n\n\n<div class=\"wp-block-column is-layout-flow wp-block-column-is-layout-flow\" style=\"flex-basis:66.66%\">\n<p class=\"has-small-font-size\">Farbe: Mittel \/ Tannine: mittel \/ S\u00e4ure:  mittel \/ K\u00f6rper:  voll<br>Aromen: Marmeladig<\/p>\n<\/div>\n<\/div>\n\n\n\n<div class=\"wp-block-columns is-not-stacked-on-mobile is-layout-flex wp-container-core-columns-is-layout-9d6595d7 wp-block-columns-is-layout-flex\">\n<div class=\"wp-block-column is-layout-flow wp-block-column-is-layout-flow\" style=\"flex-basis:33.33%\">\n<p class=\"has-small-font-size\"><a href=\"https:\/\/rm-wein.ch\/?page_id=988\" data-type=\"page\" data-id=\"988\">Syrah \/ Shiraz<\/a><\/p>\n<\/div>\n\n\n\n<div class=\"wp-block-column is-layout-flow wp-block-column-is-layout-flow\" style=\"flex-basis:66.66%\">\n<p class=\"has-small-font-size\">Farbe: Tief &#8211; Purpurrot \/ Tannine: mittel bis hoch \/ S\u00e4ure:  mittel bis hoch \/ K\u00f6rper:  mittel bis voll<br>Aromen: schwarze Kirschen, Brombeeren, Rauch, Trockenfr\u00fcchte, Waldboden<\/p>\n<\/div>\n<\/div>\n\n\n\n<div class=\"wp-block-columns is-not-stacked-on-mobile is-layout-flex wp-container-core-columns-is-layout-9d6595d7 wp-block-columns-is-layout-flex\">\n<div class=\"wp-block-column is-layout-flow wp-block-column-is-layout-flow\" style=\"flex-basis:33.33%\">\n<p class=\"has-small-font-size\"><a href=\"https:\/\/rm-wein.ch\/?page_id=421\" data-type=\"page\" data-id=\"421\">Nebbiolo<\/a><\/p>\n<\/div>\n\n\n\n<div class=\"wp-block-column is-layout-flow wp-block-column-is-layout-flow\" style=\"flex-basis:66.66%\">\n<p class=\"has-small-font-size\">Farbe: Hell &#8211; Granatrot \/ Tannine:  hoch \/ S\u00e4ure:  hoch \/ K\u00f6rper:  mittel bis voll<br>Aromen: Rote Fr\u00fcchte (Kirschen, Pflaumen), Floral und getrocknete Kr\u00e4uter, 2. Toast, Kaffee, 3. Pilz, Tabak, Leder, Erde<\/p>\n<\/div>\n<\/div>\n\n\n\n<div class=\"wp-block-columns is-not-stacked-on-mobile is-layout-flex wp-container-core-columns-is-layout-9d6595d7 wp-block-columns-is-layout-flex\">\n<div class=\"wp-block-column is-layout-flow wp-block-column-is-layout-flow\" style=\"flex-basis:33.33%\">\n<p class=\"has-small-font-size\"><a href=\"https:\/\/rm-wein.ch\/?page_id=1319\" data-type=\"page\" data-id=\"1319\">Barbera<\/a><\/p>\n<\/div>\n\n\n\n<div class=\"wp-block-column is-layout-flow wp-block-column-is-layout-flow\" style=\"flex-basis:66.66%\">\n<p class=\"has-small-font-size\">Farbe: Tief &#8211; Rubinrot \/ Tannine:  niedrig bis mittel \/ S\u00e4ure:  hoch \/ K\u00f6rper:  Schlank bis mittel<br>Aromen: Rote Fr\u00fcchte (Kirschen, Pflaumen), schwarzer Pfeffer, 2. Vanille, Kokosnuss, Toaste<\/p>\n<\/div>\n<\/div>\n\n\n\n<div class=\"wp-block-columns is-not-stacked-on-mobile is-layout-flex wp-container-core-columns-is-layout-9d6595d7 wp-block-columns-is-layout-flex\">\n<div class=\"wp-block-column is-layout-flow wp-block-column-is-layout-flow\" style=\"flex-basis:33.33%\">\n<p class=\"has-small-font-size\"><a href=\"https:\/\/rm-wein.ch\/?page_id=1138\" data-type=\"page\" data-id=\"1138\">Tempranillo<\/a><\/p>\n<\/div>\n\n\n\n<div class=\"wp-block-column is-layout-flow wp-block-column-is-layout-flow\" style=\"flex-basis:66.66%\">\n<p class=\"has-small-font-size\">Farbe: Tief &#8211; Von Purpur bis Granat \/ Tannine:  mittel \/ S\u00e4ure:  mittel \/ K\u00f6rper:  mittel bis voll<br>Aromen: Erdbeere, rote Kirschen, Brombeere, Pflaumen  2. Vanille, Kokosnuss, Toast 3. Trockenfr\u00fcchte, Leder, Pilze<\/p>\n<\/div>\n<\/div>\n\n\n\n<div class=\"wp-block-columns is-not-stacked-on-mobile is-layout-flex wp-container-core-columns-is-layout-9d6595d7 wp-block-columns-is-layout-flex\">\n<div class=\"wp-block-column is-layout-flow wp-block-column-is-layout-flow\" style=\"flex-basis:33.33%\">\n<p class=\"has-small-font-size\"><a href=\"https:\/\/rm-wein.ch\/?page_id=1394\" data-type=\"page\" data-id=\"1394\">Sangiovese<\/a><\/p>\n<\/div>\n\n\n\n<div class=\"wp-block-column is-layout-flow wp-block-column-is-layout-flow\" style=\"flex-basis:66.66%\">\n<p class=\"has-small-font-size\">Farbe: mittel &#8211; Rubin  \/ Tannine:  hoch \/ S\u00e4ure:  hoch \/ K\u00f6rper:  voll<br>Aromen: Rote Fr\u00fcchte (Kirschen, Pflaumen), getrocknete Kr\u00e4uter, Pfeffer  2. Toast, Kaffee, Zederholz 3. Trockenfr\u00fcchte, Trockenfleisch, Leder<\/p>\n<\/div>\n<\/div>\n\n\n\n<div class=\"wp-block-columns is-not-stacked-on-mobile is-layout-flex wp-container-core-columns-is-layout-9d6595d7 wp-block-columns-is-layout-flex\">\n<div class=\"wp-block-column is-layout-flow wp-block-column-is-layout-flow\" style=\"flex-basis:33.33%\">\n<p class=\"has-small-font-size\"><a href=\"https:\/\/rm-wein.ch\/?page_id=1418\" data-type=\"page\" data-id=\"1418\">Montepulciano<\/a><\/p>\n<\/div>\n\n\n\n<div class=\"wp-block-column is-layout-flow wp-block-column-is-layout-flow\" style=\"flex-basis:66.66%\">\n<p class=\"has-small-font-size\"><\/p>\n<\/div>\n<\/div>\n\n\n\n<div class=\"wp-block-columns is-not-stacked-on-mobile is-layout-flex wp-container-core-columns-is-layout-9d6595d7 wp-block-columns-is-layout-flex\">\n<div class=\"wp-block-column is-layout-flow wp-block-column-is-layout-flow\" style=\"flex-basis:33.33%\">\n<p class=\"has-small-font-size\"><a href=\"https:\/\/rm-wein.ch\/?page_id=441\" data-type=\"page\" data-id=\"441\"><a href=\"https:\/\/rm-wein.ch\/?page_id=988\" data-type=\"page\" data-id=\"988\"><a href=\"https:\/\/rm-wein.ch\/?page_id=421\" data-type=\"page\" data-id=\"421\"><a href=\"https:\/\/rm-wein.ch\/?page_id=1319\" data-type=\"page\" data-id=\"1319\"><a href=\"https:\/\/rm-wein.ch\/?page_id=1138\" data-type=\"page\" data-id=\"1138\"><a href=\"https:\/\/rm-wein.ch\/?page_id=1394\" data-type=\"page\" data-id=\"1394\"><a href=\"https:\/\/rm-wein.ch\/?page_id=1418\" data-type=\"page\" data-id=\"1418\">Corvina<\/a><\/a><\/a><\/a><\/a><\/a><\/a><\/p>\n<\/div>\n\n\n\n<div class=\"wp-block-column is-layout-flow wp-block-column-is-layout-flow\" style=\"flex-basis:66.66%\">\n<p class=\"has-small-font-size\">Je nach Weinstiel (Apassimento)<\/p>\n<\/div>\n<\/div>\n\n\n\n<div class=\"wp-block-columns is-not-stacked-on-mobile is-layout-flex wp-container-core-columns-is-layout-9d6595d7 wp-block-columns-is-layout-flex\">\n<div class=\"wp-block-column is-layout-flow wp-block-column-is-layout-flow\" style=\"flex-basis:33.33%\">\n<p class=\"has-small-font-size\"><a href=\"https:\/\/rm-wein.ch\/?page_id=415\" data-type=\"page\" data-id=\"415\">Gamay<\/a><\/p>\n<\/div>\n\n\n\n<div class=\"wp-block-column is-layout-flow wp-block-column-is-layout-flow\" style=\"flex-basis:66.66%\">\n<p class=\"has-small-font-size\">Farbe: blass bis mittel &#8211; rubinrot \/ Tannine:  wenig bis mittel \/ S\u00e4ure:  niedrig \/ K\u00f6rper:  voll<br>Aromen: Rote Fr\u00fcchte (Kirschen, Pflaumen, Erdbeere), 2. nur dezent (alte grosse F\u00e4ser) 3. Erde, trockene Fr\u00fcchte, fleischig<\/p>\n<\/div>\n<\/div>\n\n\n\n<div class=\"wp-block-columns is-not-stacked-on-mobile is-layout-flex wp-container-core-columns-is-layout-9d6595d7 wp-block-columns-is-layout-flex\">\n<div class=\"wp-block-column is-layout-flow wp-block-column-is-layout-flow\" style=\"flex-basis:33.33%\">\n<p class=\"has-small-font-size\"><a href=\"https:\/\/rm-wein.ch\/?page_id=1178\" data-type=\"page\" data-id=\"1178\">Carmen\u00e9re<\/a><\/p>\n<\/div>\n\n\n\n<div class=\"wp-block-column is-layout-flow wp-block-column-is-layout-flow\" style=\"flex-basis:66.66%\">\n<p class=\"has-small-font-size\">Farbe: tief &#8211; purpur \/ Tannine: hoch \/ S\u00e4ure:  mittel bis hoch \/ K\u00f6rper:  voll<br>Aromen: Krautig (gr\u00fcnde Paprika), schwarzfruchtig (Brombeere, Cassis)  2. Vanille, Toast, Kaffee, Schokolade 3. Leder, trockene Lorbeer, Thymian, Oregano<\/p>\n<\/div>\n<\/div>\n\n\n\n<div class=\"wp-block-columns is-not-stacked-on-mobile is-layout-flex wp-container-core-columns-is-layout-9d6595d7 wp-block-columns-is-layout-flex\">\n<div class=\"wp-block-column is-layout-flow wp-block-column-is-layout-flow\" style=\"flex-basis:33.33%\">\n<p class=\"has-small-font-size\"><a href=\"https:\/\/rm-wein.ch\/?page_id=1182\" data-type=\"page\" data-id=\"1182\">Malbec<\/a><\/p>\n<\/div>\n\n\n\n<div class=\"wp-block-column is-layout-flow wp-block-column-is-layout-flow\" style=\"flex-basis:66.66%\">\n<p class=\"has-small-font-size\">Farbe: tief &#8211; purpur \/ Tannine: hoch \/ S\u00e4ure:  mittel  \/ K\u00f6rper:  voll<br>Aromen: schwarzfruchtig (Brombeere, Kirsche, Pflaume)  2. Vanille, Toast,  Schokolade, Gew\u00fcrznelke 3. Leder, Trockenfr\u00fcchte, W\u00fcrzkr\u00e4utern, Trockenfleisch<\/p>\n<\/div>\n<\/div>\n\n\n\n<div class=\"wp-block-columns is-not-stacked-on-mobile is-layout-flex wp-container-core-columns-is-layout-9d6595d7 wp-block-columns-is-layout-flex\">\n<div class=\"wp-block-column is-layout-flow wp-block-column-is-layout-flow\" style=\"flex-basis:33.33%\">\n<p class=\"has-small-font-size\"><a href=\"https:\/\/rm-wein.ch\/?page_id=1186\" data-type=\"page\" data-id=\"1186\">Pinotage<\/a><\/p>\n<\/div>\n\n\n\n<div class=\"wp-block-column is-layout-flow wp-block-column-is-layout-flow\" style=\"flex-basis:66.66%\">\n<p class=\"has-small-font-size\">Farbe: tief &#8211; purpur \/ Tannine: mittel \/ S\u00e4ure:  hoch \/ K\u00f6rper:  mittel bis voll<br>Aromen: rotfruchtig (Erdbeeren, Kirsche, Himbeeren)  2. Rauch, Toast,  Kaffee, Bleistiftmine (Kohle, Zedernholz) 3. Leder, Trockenfleisch<\/p>\n<\/div>\n<\/div>\n\n\n\n<p><\/p>\n\n\n\n<p><\/p>\n\n\n\n<p><\/p>\n\n\n\n<p><\/p>\n","protected":false},"excerpt":{"rendered":"<p>Rote Traubensorten (\u00dcbersicht &#8211; f\u00fcr Details auf die Sorte) Sorte Cabernet Sauvignon Merkmale Farbe: Tief \/ Tannine: hoch \/ S\u00e4ure: hoch\/ K\u00f6rper: Aromen: Schwarzbeerig Pinot Noir Farbe: hell \/ Tannine: tief \/ S\u00e4ure: \/ K\u00f6rper: Aromen: Rotbeerig Merlot Farbe: Mittel \/ Tannine: mittel \/ S\u00e4ure: tief \/ K\u00f6rper: schlank bis vollAromen: Rotbeerig bis \u00fcberreif schwarzbeerig &#8230; <a title=\"Rot\" class=\"read-more\" href=\"https:\/\/rm-wein.ch\/?page_id=334\" aria-label=\"Mehr Informationen \u00fcber Rot\">Weiterlesen<\/a><\/p>\n","protected":false},"author":1,"featured_media":0,"parent":225,"menu_order":1,"comment_status":"closed","ping_status":"closed","template":"","meta":{"footnotes":""},"class_list":["post-334","page","type-page","status-publish"],"_links":{"self":[{"href":"https:\/\/rm-wein.ch\/index.php?rest_route=\/wp\/v2\/pages\/334","targetHints":{"allow":["GET"]}}],"collection":[{"href":"https:\/\/rm-wein.ch\/index.php?rest_route=\/wp\/v2\/pages"}],"about":[{"href":"https:\/\/rm-wein.ch\/index.php?rest_route=\/wp\/v2\/types\/page"}],"author":[{"embeddable":true,"href":"https:\/\/rm-wein.ch\/index.php?rest_route=\/wp\/v2\/users\/1"}],"replies":[{"embeddable":true,"href":"https:\/\/rm-wein.ch\/index.php?rest_route=%2Fwp%2Fv2%2Fcomments&post=334"}],"version-history":[{"count":3,"href":"https:\/\/rm-wein.ch\/index.php?rest_route=\/wp\/v2\/pages\/334\/revisions"}],"predecessor-version":[{"id":1892,"href":"https:\/\/rm-wein.ch\/index.php?rest_route=\/wp\/v2\/pages\/334\/revisions\/1892"}],"up":[{"embeddable":true,"href":"https:\/\/rm-wein.ch\/index.php?rest_route=\/wp\/v2\/pages\/225"}],"wp:attachment":[{"href":"https:\/\/rm-wein.ch\/index.php?rest_route=%2Fwp%2Fv2%2Fmedia&parent=334"}],"curies":[{"name":"wp","href":"https:\/\/api.w.org\/{rel}","templated":true}]}}