{"id":344,"date":"2024-09-29T09:58:40","date_gmt":"2024-09-29T09:58:40","guid":{"rendered":"https:\/\/rm-wein.ch\/?page_id=344"},"modified":"2024-09-30T14:43:41","modified_gmt":"2024-09-30T14:43:41","slug":"burgund","status":"publish","type":"page","link":"https:\/\/rm-wein.ch\/?page_id=344","title":{"rendered":"Burgund (Pinot)"},"content":{"rendered":"\n<figure class=\"wp-block-image size-full\"><img loading=\"lazy\" decoding=\"async\" width=\"929\" height=\"348\" src=\"https:\/\/rm-wein.ch\/wp-content\/uploads\/2024\/09\/image-215.png\" alt=\"\" class=\"wp-image-345\" srcset=\"https:\/\/rm-wein.ch\/wp-content\/uploads\/2024\/09\/image-215.png 929w, https:\/\/rm-wein.ch\/wp-content\/uploads\/2024\/09\/image-215-300x112.png 300w, https:\/\/rm-wein.ch\/wp-content\/uploads\/2024\/09\/image-215-768x288.png 768w\" sizes=\"auto, (max-width: 929px) 100vw, 929px\" \/><\/figure>\n\n\n\n<figure class=\"wp-block-image size-full\"><img loading=\"lazy\" decoding=\"async\" width=\"885\" height=\"619\" src=\"https:\/\/rm-wein.ch\/wp-content\/uploads\/2024\/09\/image-218.png\" alt=\"\" class=\"wp-image-348\" srcset=\"https:\/\/rm-wein.ch\/wp-content\/uploads\/2024\/09\/image-218.png 885w, https:\/\/rm-wein.ch\/wp-content\/uploads\/2024\/09\/image-218-300x210.png 300w, https:\/\/rm-wein.ch\/wp-content\/uploads\/2024\/09\/image-218-768x537.png 768w\" sizes=\"auto, (max-width: 885px) 100vw, 885px\" \/><\/figure>\n\n\n\n<figure class=\"wp-block-image size-full\"><img loading=\"lazy\" decoding=\"async\" width=\"860\" height=\"619\" src=\"https:\/\/rm-wein.ch\/wp-content\/uploads\/2024\/09\/image-219.png\" alt=\"\" class=\"wp-image-349\" srcset=\"https:\/\/rm-wein.ch\/wp-content\/uploads\/2024\/09\/image-219.png 860w, https:\/\/rm-wein.ch\/wp-content\/uploads\/2024\/09\/image-219-300x216.png 300w, https:\/\/rm-wein.ch\/wp-content\/uploads\/2024\/09\/image-219-768x553.png 768w\" sizes=\"auto, (max-width: 860px) 100vw, 860px\" \/><\/figure>\n\n\n\n<figure class=\"wp-block-image size-full\"><img loading=\"lazy\" decoding=\"async\" width=\"873\" height=\"656\" src=\"https:\/\/rm-wein.ch\/wp-content\/uploads\/2024\/09\/image-220.png\" alt=\"\" class=\"wp-image-350\" srcset=\"https:\/\/rm-wein.ch\/wp-content\/uploads\/2024\/09\/image-220.png 873w, https:\/\/rm-wein.ch\/wp-content\/uploads\/2024\/09\/image-220-300x225.png 300w, https:\/\/rm-wein.ch\/wp-content\/uploads\/2024\/09\/image-220-768x577.png 768w\" sizes=\"auto, (max-width: 873px) 100vw, 873px\" \/><\/figure>\n\n\n\n<h3 class=\"wp-block-heading\">Cote de Nuits<\/h3>\n\n\n\n<p>Die C\u00f4te de Nuits ist eines der bekanntesten Weinbaugebiete und befindet sich n\u00f6rdlich von Beaune in der C\u00f4te d\u2019Or in Burgund. Von hier stammen die ber\u00fchmtesten roten Burgunderweine. Die C\u00f4te de Nuits liegt n\u00f6rdlich des Anbaugebietes C\u00f4te de Beaune. Neben acht Village-Appellationen finden sich mehr als 130 Premier-Cru-Lagen und 24 Grand-Cru-Lagen.<\/p>\n\n\n\n<p>Hier befinden sich die Weinbaugemeinden Marsannay-la-C\u00f4te, Fixin, Gevrey-Chambertin, Morey-Saint-Denis, Chambolle-Musigny, Vougeot, Vosne-Roman\u00e9e und Nuits-Saint-Georges sowie die Einzellagen Roman\u00e9e-Conti, Bonnes-Mares, Richebourg, Clos de Vougeot und viele weitere Grand-Cru- und Premier-Cru-Lagen, die Weinliebhaber in aller Welt aufhorchen lassen.<\/p>\n\n\n\n<figure class=\"wp-block-image size-full\"><img loading=\"lazy\" decoding=\"async\" width=\"919\" height=\"985\" src=\"https:\/\/rm-wein.ch\/wp-content\/uploads\/2024\/09\/image-225.png\" alt=\"\" class=\"wp-image-355\" srcset=\"https:\/\/rm-wein.ch\/wp-content\/uploads\/2024\/09\/image-225.png 919w, https:\/\/rm-wein.ch\/wp-content\/uploads\/2024\/09\/image-225-280x300.png 280w, https:\/\/rm-wein.ch\/wp-content\/uploads\/2024\/09\/image-225-768x823.png 768w\" sizes=\"auto, (max-width: 919px) 100vw, 919px\" \/><\/figure>\n\n\n\n<p>Folgende Orte haben eine eigene Appellation:<\/p>\n\n\n\n<p><strong>Marsannay<\/strong><\/p>\n\n\n\n<p><a href=\"https:\/\/de.wikipedia.org\/wiki\/Marsannay-la-C%C3%B4te\">Marsannay<\/a>&nbsp;ist die n\u00f6rdlichste Weinbaugemeinde an der C\u00f4te de Nuits.<\/p>\n\n\n\n<p><strong>Fixin<\/strong><\/p>\n\n\n\n<p><a href=\"https:\/\/de.wikipedia.org\/wiki\/Fixin\">Fixin<\/a>&nbsp;ist eine sehr kleine Gemeinde mit 20 ha Premier-Cru-Lagen.<\/p>\n\n\n\n<p><strong>Gevrey-Chambertin<\/strong><\/p>\n\n\n\n<p>Die gr\u00f6\u00dfte Weinbaugemeinde an der C\u00f4te de Nuits ist&nbsp;<a href=\"https:\/\/de.wikipedia.org\/wiki\/Gevrey-Chambertin\">Gevrey-Chambertin<\/a>. Die Rebenmeere ziehen sich von der Waldgrenze bis weit \u00fcber die Route Nationale 74 in die Ebene hinab. Die Grand Crus liegen am oberen Teil des Hangs. Die Weine, die dort wachsen, gelten als m\u00e4nnlich, fleischig, feurig, kurzum: als die kr\u00e4ftigsten roten Burgunder \u00fcberhaupt.&nbsp;<a href=\"https:\/\/de.wikipedia.org\/wiki\/Chambertin_(Weinlage)\">Chambertin<\/a>&nbsp;und Clos de Beze sind die wuchtigsten Vertreter unter den Grand Crus, Mazis-Chambertin ist der samtigste. Die anderen Lagen bringen ebenfalls sehr gute, aber weniger einheitliche Weine hervor. Unter den Premier Crus ist der sehenswerte Clos St-Jacques hinter dem Dorf hervorzuheben, der bestes Grand-Cru-Niveau aufweist. Die Weine aus diesen tieferen Lagen sind einfacher.<\/p>\n\n\n\n<p><strong>Morey-Saint-Denis<\/strong><\/p>\n\n\n\n<p>Die Grand Crus liegen oberhalb der Durchgangsstra\u00dfe der Gemeinde&nbsp;<a href=\"https:\/\/de.wikipedia.org\/wiki\/Morey-Saint-Denis\">Morey-Saint-Denis<\/a>. Clos de Tart und Clos de Lambrays ergeben eher leichte, elegante Weine, w\u00e4hrend Clos St-Denis und Clos de la Roche schon die Statur und Festigkeit des Chambertin besitzen.<\/p>\n\n\n\n<p><strong>Chambolle-Musigny<\/strong><\/p>\n\n\n\n<p>Direkt am Fu\u00dfe der C\u00f4te liegend liefert die Gemeinde&nbsp;<a href=\"https:\/\/de.wikipedia.org\/wiki\/Chambolle-Musigny\">Chambolle-Musigny<\/a>&nbsp;eher leichte, daf\u00fcr aber ungemein duftige Weine. Bei keinem anderen Wein kommt das faszinierende Bouquet so deutlich zum Ausdruck wie bei ihnen: s\u00fc\u00dfer Irisbl\u00fctenduft, unterlegt mit herbem Pflaumenaroma. Die Spitzenlagen sind Les Musigny, die unerh\u00f6rt zarte Weine hervorbringt, und Bonnes Mares.<\/p>\n\n\n\n<p><strong>Vougeot<\/strong><\/p>\n\n\n\n<p>Das&nbsp;<a href=\"https:\/\/de.wikipedia.org\/wiki\/Clos_de_Vougeot\">Clos de Vougeot<\/a>&nbsp;in&nbsp;<a href=\"https:\/\/de.wikipedia.org\/wiki\/Vougeot\">Vougeot<\/a>&nbsp;ist mit 50 Hektar das gr\u00f6\u00dfte Grand Cru der C\u00f4te de Nuits. Vollst\u00e4ndig von einer Mauer eingefasst, reicht es vom Schloss bis hinunter an die Staatsstra\u00dfe N 74. Es ist als Klostergarten der fr\u00fcheren Abtei Ch\u00e2teau de Vougeot die \u00e4lteste noch existierende Weinbau-Versuchsanstalt der Welt. Systematisch erkundeten die M\u00f6nche der Abtei im Mittelalter, welche Reben auf welchen B\u00f6den in welcher Hangh\u00f6he am besten gedeihen.<\/p>\n\n\n\n<p><strong>Vosne-Roman\u00e9e<\/strong><\/p>\n\n\n\n<p><a href=\"https:\/\/de.wikipedia.org\/wiki\/Vosne-Roman%C3%A9e\">Vosne-Roman\u00e9e<\/a>&nbsp;ist ein kleines vertr\u00e4umtes Dorf, dessen Weinberge das Herzst\u00fcck der C\u00f4te de Nuits bilden. Nirgendwo sind die Weine samtiger, duftiger, feinw\u00fcrziger, kompletter als dort. Die Grand Crus liegen in der Mitte des Hanges, im Zentrum liegt&nbsp;<a href=\"https:\/\/de.wikipedia.org\/wiki\/La_Roman%C3%A9e\">La Roman\u00e9e<\/a>.<\/p>\n\n\n\n<p><strong>Nuits-Saint-Georges<\/strong><\/p>\n\n\n\n<p>Die Kleinstadt&nbsp;<a href=\"https:\/\/de.wikipedia.org\/wiki\/Nuits-Saint-Georges\">Nuits-Saint-Georges<\/a>&nbsp;bildet das Handelszentrum der C\u00f4te de Nuits. Die Weinberge liegen an den H\u00e4ngen oberhalb des St\u00e4dtchens und sind ausschlie\u00dflich mit Pinot Noir kultiviert. Der Ort besitzt zwar kein Grand Cru, daf\u00fcr umso mehr Premier Crus, von denen einige Weine hervorbringen, die fast an Grand-Cru-Niveau heranreichen: etwa Clos de la Marechales und Clos de l\u2019Arlot, vor allem aber Les Saint-Georges und Les Vaucrains. Sie sind relativ hell in der Farbe, jedoch kraftvoll in der Zunge und besitzen ein rauchiges, nach s\u00fc\u00dfer Eiche schmeckendes Aroma.<\/p>\n\n\n\n<h2 class=\"wp-block-heading\">Cote de Beaune<\/h2>\n\n\n\n<p>Die C\u00f4te de Beaune ist der s\u00fcdliche Teil der C\u00f4te d\u2019Or, eines Weinanbaugebietes im Burgund. Neben 16 Village-Appellationen finden sich mehr als 350 Premier-Cru-Lagen und acht Grand Crus.<\/p>\n\n\n\n<p>Die C\u00f4te de Beaune erstreckt sich \u00fcber 30 km und beginnt im Norden bei Ladoix-Serrigny. Sie umfasst zun\u00e4chst die Gemeinden Aloxe-Corton, Pernand-Vergelesses, Chorey-les-Beaune, Savigny-l\u00e8s-Beaune, Beaune, Pommard, Volnay, Monthelie und Auxey-Duresses. Hier produziert man haupts\u00e4chlich Rotwein aus Pinot noir. Meursault sowie Puligny-Montrachet und Chassagne-Montrachet sind ber\u00fchmt f\u00fcr beste Wei\u00dfweine aus der Rebsorte Chardonnay. Noch weiter im S\u00fcden in den Gemeinden Santenay, Cheilly-l\u00e8s-Maranges, Dezize-l\u00e8s-Maranges und Sampigny-l\u00e8s-Maranges dominieren wieder Rotweine.<\/p>\n\n\n\n<figure class=\"wp-block-image size-full\"><img loading=\"lazy\" decoding=\"async\" width=\"1004\" height=\"997\" src=\"https:\/\/rm-wein.ch\/wp-content\/uploads\/2024\/09\/image-226.png\" alt=\"\" class=\"wp-image-356\" srcset=\"https:\/\/rm-wein.ch\/wp-content\/uploads\/2024\/09\/image-226.png 1004w, https:\/\/rm-wein.ch\/wp-content\/uploads\/2024\/09\/image-226-300x298.png 300w, https:\/\/rm-wein.ch\/wp-content\/uploads\/2024\/09\/image-226-150x150.png 150w, https:\/\/rm-wein.ch\/wp-content\/uploads\/2024\/09\/image-226-768x763.png 768w\" sizes=\"auto, (max-width: 1004px) 100vw, 1004px\" \/><\/figure>\n\n\n\n<p>Auf einer Fl\u00e4che von mehr als 4.900 ha werden j\u00e4hrlich rund 200.000 hl Wein produziert. Auf etwa 61 % der Fl\u00e4che wird Pinot noir angebaut, 38 % entfallen auf Chardonnay.[1] Die Weinberge befinden sich zwischen 220 und 380 m H\u00f6he \u00fcber dem Meeresspiegel. Die meisten der parzellengenau abgegrenzten Premier-Cru-Lagen sind mit Pinot noir bepflanzt. In den meisten Lagen darf entweder Chardonnay oder Pinot noir angebaut werden, in eher seltenen F\u00e4llen sind beide Rebsorten zugelassen.<\/p>\n\n\n\n<p>Die Grand-Cru-Lagen sind jedoch dem Chardonnay vorbehalten, au\u00dfer im Corton \u2013 hier darf auch Pinot noir angebaut werden. Daher ist die C\u00f4te de Beaune mehr f\u00fcr ihre Wei\u00dfweine bekannt, obwohl insgesamt mehr Rotwein als Wei\u00dfwein produziert wird.[2] Mit einem Anteil von etwa 57 % dominieren die Wei\u00dfweine auch den Export.[3]<\/p>\n\n\n\n<p>In den regionalen Appellationen werden in geringem Umfang auch die Rebsorten Aligot\u00e9 (wei\u00df) und Gamay (rot) angebaut.<\/p>\n\n\n\n<p><\/p>\n\n\n\n<p><\/p>\n\n\n\n<figure class=\"wp-block-image size-full\"><img loading=\"lazy\" decoding=\"async\" width=\"894\" height=\"646\" src=\"https:\/\/rm-wein.ch\/wp-content\/uploads\/2024\/09\/image-221.png\" alt=\"\" class=\"wp-image-351\" srcset=\"https:\/\/rm-wein.ch\/wp-content\/uploads\/2024\/09\/image-221.png 894w, https:\/\/rm-wein.ch\/wp-content\/uploads\/2024\/09\/image-221-300x217.png 300w, https:\/\/rm-wein.ch\/wp-content\/uploads\/2024\/09\/image-221-768x555.png 768w\" sizes=\"auto, (max-width: 894px) 100vw, 894px\" \/><\/figure>\n\n\n\n<p><\/p>\n\n\n\n<h3 class=\"wp-block-heading\">Klassifizierung<\/h3>\n\n\n\n<figure class=\"wp-block-image size-full\"><img loading=\"lazy\" decoding=\"async\" width=\"1004\" height=\"1009\" src=\"https:\/\/rm-wein.ch\/wp-content\/uploads\/2024\/09\/image-222.png\" alt=\"\" class=\"wp-image-352\" srcset=\"https:\/\/rm-wein.ch\/wp-content\/uploads\/2024\/09\/image-222.png 1004w, https:\/\/rm-wein.ch\/wp-content\/uploads\/2024\/09\/image-222-300x300.png 300w, https:\/\/rm-wein.ch\/wp-content\/uploads\/2024\/09\/image-222-150x150.png 150w, https:\/\/rm-wein.ch\/wp-content\/uploads\/2024\/09\/image-222-768x772.png 768w\" sizes=\"auto, (max-width: 1004px) 100vw, 1004px\" \/><\/figure>\n\n\n\n<figure class=\"wp-block-image size-full\"><img loading=\"lazy\" decoding=\"async\" width=\"1004\" height=\"1003\" src=\"https:\/\/rm-wein.ch\/wp-content\/uploads\/2024\/09\/image-223.png\" alt=\"\" class=\"wp-image-353\" srcset=\"https:\/\/rm-wein.ch\/wp-content\/uploads\/2024\/09\/image-223.png 1004w, https:\/\/rm-wein.ch\/wp-content\/uploads\/2024\/09\/image-223-300x300.png 300w, https:\/\/rm-wein.ch\/wp-content\/uploads\/2024\/09\/image-223-150x150.png 150w, https:\/\/rm-wein.ch\/wp-content\/uploads\/2024\/09\/image-223-768x767.png 768w\" sizes=\"auto, (max-width: 1004px) 100vw, 1004px\" \/><\/figure>\n\n\n\n<figure class=\"wp-block-image size-full\"><img loading=\"lazy\" decoding=\"async\" width=\"1004\" height=\"862\" src=\"https:\/\/rm-wein.ch\/wp-content\/uploads\/2024\/09\/image-224.png\" alt=\"\" class=\"wp-image-354\" srcset=\"https:\/\/rm-wein.ch\/wp-content\/uploads\/2024\/09\/image-224.png 1004w, https:\/\/rm-wein.ch\/wp-content\/uploads\/2024\/09\/image-224-300x258.png 300w, https:\/\/rm-wein.ch\/wp-content\/uploads\/2024\/09\/image-224-768x659.png 768w\" sizes=\"auto, (max-width: 1004px) 100vw, 1004px\" \/><\/figure>\n\n\n\n<figure class=\"wp-block-image size-full\"><img loading=\"lazy\" decoding=\"async\" width=\"1004\" height=\"457\" src=\"https:\/\/rm-wein.ch\/wp-content\/uploads\/2024\/09\/image-227.png\" alt=\"\" class=\"wp-image-357\" srcset=\"https:\/\/rm-wein.ch\/wp-content\/uploads\/2024\/09\/image-227.png 1004w, https:\/\/rm-wein.ch\/wp-content\/uploads\/2024\/09\/image-227-300x137.png 300w, https:\/\/rm-wein.ch\/wp-content\/uploads\/2024\/09\/image-227-768x350.png 768w\" sizes=\"auto, (max-width: 1004px) 100vw, 1004px\" \/><\/figure>\n\n\n\n<figure class=\"wp-block-image size-full\"><img loading=\"lazy\" decoding=\"async\" width=\"1004\" height=\"978\" src=\"https:\/\/rm-wein.ch\/wp-content\/uploads\/2024\/09\/image-228.png\" alt=\"\" class=\"wp-image-358\" srcset=\"https:\/\/rm-wein.ch\/wp-content\/uploads\/2024\/09\/image-228.png 1004w, https:\/\/rm-wein.ch\/wp-content\/uploads\/2024\/09\/image-228-300x292.png 300w, https:\/\/rm-wein.ch\/wp-content\/uploads\/2024\/09\/image-228-768x748.png 768w\" sizes=\"auto, (max-width: 1004px) 100vw, 1004px\" \/><\/figure>\n\n\n\n<p><\/p>\n\n\n\n<p><\/p>\n\n\n\n<h4 class=\"wp-block-heading\"><a>Weine aus dem Burgend die gefallen haben<\/a><\/h4>\n\n\n\n<p><a href=\"https:\/\/www.climats-bourgogne.com\/fr\/carte_14.html\">Carte des Climats, g\u00e9ographie vignobles, cartographie climats de Bourgogne (climats-bourgogne.com)<\/a><\/p>\n\n\n\n<p><\/p>\n","protected":false},"excerpt":{"rendered":"<p>Cote de Nuits Die C\u00f4te de Nuits ist eines der bekanntesten Weinbaugebiete und befindet sich n\u00f6rdlich von Beaune in der C\u00f4te d\u2019Or in Burgund. Von hier stammen die ber\u00fchmtesten roten Burgunderweine. Die C\u00f4te de Nuits liegt n\u00f6rdlich des Anbaugebietes C\u00f4te de Beaune. Neben acht Village-Appellationen finden sich mehr als 130 Premier-Cru-Lagen und 24 Grand-Cru-Lagen. Hier &#8230; <a title=\"Burgund (Pinot)\" class=\"read-more\" href=\"https:\/\/rm-wein.ch\/?page_id=344\" aria-label=\"Mehr Informationen \u00fcber Burgund (Pinot)\">Weiterlesen<\/a><\/p>\n","protected":false},"author":1,"featured_media":0,"parent":233,"menu_order":20,"comment_status":"closed","ping_status":"closed","template":"","meta":{"footnotes":""},"class_list":["post-344","page","type-page","status-publish"],"_links":{"self":[{"href":"https:\/\/rm-wein.ch\/index.php?rest_route=\/wp\/v2\/pages\/344","targetHints":{"allow":["GET"]}}],"collection":[{"href":"https:\/\/rm-wein.ch\/index.php?rest_route=\/wp\/v2\/pages"}],"about":[{"href":"https:\/\/rm-wein.ch\/index.php?rest_route=\/wp\/v2\/types\/page"}],"author":[{"embeddable":true,"href":"https:\/\/rm-wein.ch\/index.php?rest_route=\/wp\/v2\/users\/1"}],"replies":[{"embeddable":true,"href":"https:\/\/rm-wein.ch\/index.php?rest_route=%2Fwp%2Fv2%2Fcomments&post=344"}],"version-history":[{"count":2,"href":"https:\/\/rm-wein.ch\/index.php?rest_route=\/wp\/v2\/pages\/344\/revisions"}],"predecessor-version":[{"id":599,"href":"https:\/\/rm-wein.ch\/index.php?rest_route=\/wp\/v2\/pages\/344\/revisions\/599"}],"up":[{"embeddable":true,"href":"https:\/\/rm-wein.ch\/index.php?rest_route=\/wp\/v2\/pages\/233"}],"wp:attachment":[{"href":"https:\/\/rm-wein.ch\/index.php?rest_route=%2Fwp%2Fv2%2Fmedia&parent=344"}],"curies":[{"name":"wp","href":"https:\/\/api.w.org\/{rel}","templated":true}]}}